{"id":10005,"date":"2021-11-30T20:46:14","date_gmt":"2021-11-30T22:46:14","guid":{"rendered":"https:\/\/museuflorestal.ambiente.sp.gov.br\/acervo\/?post_type=tnc_col_329_item&#038;p=10005"},"modified":"2021-11-30T20:46:16","modified_gmt":"2021-11-30T22:46:16","slug":"alruna-de-mulher-e-o-diabo","status":"publish","type":"tnc_col_329_item","link":"https:\/\/museuflorestal.ambiente.sp.gov.br\/acervo\/museu-florestal-octavio-vecchi\/alruna-de-mulher-e-o-diabo\/","title":{"rendered":"Alruna de mulher e o diabo"},"content":{"rendered":"<p>Escultura de madeira em dois blocos, representando dois corpos entrela\u00e7ados sobre base quadrada. \u00c0 frente, figura masculina com cabe\u00e7a, olhos, boca, nariz e chifres, com os bra\u00e7os para tr\u00e1s envolvendo o tronco de um corpo feminino sem cabe\u00e7a, com seios, com a m\u00e3o esquerda sobre a cabe\u00e7a da figura masculina. No topo h\u00e1 a inscri\u00e7\u00e3o em baixo relevo &#8220;M669&#8221;. Na parte superior da base, h\u00e1 uma etiqueta com a inscri\u00e7\u00e3o &#8220;AL1&#8221; e entalhe &#8220;Aozch 193&#8221;. Na parte frontal da base, h\u00e1 a inscri\u00e7\u00e3o em baixo relevo &#8220;M669&#8221;. Na parte posterior, h\u00e1 dois p\u00e9s com tecidos colados e a inscri\u00e7\u00e3o \u00e0 caneta &#8220;AL1&#8221;.<\/p>\n","protected":false},"featured_media":10006,"parent":0,"menu_order":0,"comment_status":"closed","ping_status":"closed","template":"","format":"standard","_links":{"self":[{"href":"https:\/\/museuflorestal.ambiente.sp.gov.br\/acervo\/wp-json\/wp\/v2\/tnc_col_329_item\/10005"}],"collection":[{"href":"https:\/\/museuflorestal.ambiente.sp.gov.br\/acervo\/wp-json\/wp\/v2\/tnc_col_329_item"}],"about":[{"href":"https:\/\/museuflorestal.ambiente.sp.gov.br\/acervo\/wp-json\/wp\/v2\/types\/tnc_col_329_item"}],"replies":[{"embeddable":true,"href":"https:\/\/museuflorestal.ambiente.sp.gov.br\/acervo\/wp-json\/wp\/v2\/comments?post=10005"}],"version-history":[{"count":0,"href":"https:\/\/museuflorestal.ambiente.sp.gov.br\/acervo\/wp-json\/wp\/v2\/tnc_col_329_item\/10005\/revisions"}],"wp:featuredmedia":[{"embeddable":true,"href":"https:\/\/museuflorestal.ambiente.sp.gov.br\/acervo\/wp-json\/wp\/v2\/media\/10006"}],"wp:attachment":[{"href":"https:\/\/museuflorestal.ambiente.sp.gov.br\/acervo\/wp-json\/wp\/v2\/media?parent=10005"}],"curies":[{"name":"wp","href":"https:\/\/api.w.org\/{rel}","templated":true}]}}

<p>Escultura de madeira em dois blocos, representando dois corpos entrelaçados sobre base quadrada. À frente, figura masculina com cabeça, olhos, boca, nariz e chifres, com os braços para trás envolvendo o tronco de um corpo feminino sem cabeça, com seios, com a mão esquerda sobre a cabeça da figura masculina. No topo há a inscrição em baixo relevo &#8220;M669&#8221;. Na parte superior da base, há uma etiqueta com a inscrição &#8220;AL1&#8221; e entalhe &#8220;Aozch 193&#8221;. Na parte frontal da base, há a inscrição em baixo relevo &#8220;M669&#8221;. Na parte posterior, há dois pés com tecidos colados e a inscrição à caneta &#8220;AL1&#8221;.</p>
