{"id":10027,"date":"2021-11-30T20:46:51","date_gmt":"2021-11-30T22:46:51","guid":{"rendered":"https:\/\/museuflorestal.ambiente.sp.gov.br\/acervo\/?post_type=tnc_col_329_item&#038;p=10027"},"modified":"2021-11-30T20:46:54","modified_gmt":"2021-11-30T22:46:54","slug":"alruna","status":"publish","type":"tnc_col_329_item","link":"https:\/\/museuflorestal.ambiente.sp.gov.br\/acervo\/museu-florestal-octavio-vecchi\/alruna\/","title":{"rendered":"Alruna"},"content":{"rendered":"<p>Escultura de madeira em dois blocos. Representando cabe\u00e7a humanoide, sem olhos com nariz, boca aberta e orelhas. No topo da cabe\u00e7a, h\u00e1 a inscri\u00e7\u00e3o em baixo relevo &#8220;M673&#8221; e &#8220;Aozch 936&#8221;. Est\u00e1 sobre uma base quadrada, com a inscri\u00e7\u00e3o em baixo relevo &#8220;M670&#8221; e &#8220;Aozch 936&#8221; na parte lateral. No fundo, h\u00e1 tecido colado.<\/p>\n","protected":false},"featured_media":10028,"parent":0,"menu_order":0,"comment_status":"closed","ping_status":"closed","template":"","format":"standard","_links":{"self":[{"href":"https:\/\/museuflorestal.ambiente.sp.gov.br\/acervo\/wp-json\/wp\/v2\/tnc_col_329_item\/10027"}],"collection":[{"href":"https:\/\/museuflorestal.ambiente.sp.gov.br\/acervo\/wp-json\/wp\/v2\/tnc_col_329_item"}],"about":[{"href":"https:\/\/museuflorestal.ambiente.sp.gov.br\/acervo\/wp-json\/wp\/v2\/types\/tnc_col_329_item"}],"replies":[{"embeddable":true,"href":"https:\/\/museuflorestal.ambiente.sp.gov.br\/acervo\/wp-json\/wp\/v2\/comments?post=10027"}],"version-history":[{"count":0,"href":"https:\/\/museuflorestal.ambiente.sp.gov.br\/acervo\/wp-json\/wp\/v2\/tnc_col_329_item\/10027\/revisions"}],"wp:featuredmedia":[{"embeddable":true,"href":"https:\/\/museuflorestal.ambiente.sp.gov.br\/acervo\/wp-json\/wp\/v2\/media\/10028"}],"wp:attachment":[{"href":"https:\/\/museuflorestal.ambiente.sp.gov.br\/acervo\/wp-json\/wp\/v2\/media?parent=10027"}],"curies":[{"name":"wp","href":"https:\/\/api.w.org\/{rel}","templated":true}]}}

<p>Escultura de madeira em dois blocos. Representando cabeça humanoide, sem olhos com nariz, boca aberta e orelhas. No topo da cabeça, há a inscrição em baixo relevo &#8220;M673&#8221; e &#8220;Aozch 936&#8221;. Está sobre uma base quadrada, com a inscrição em baixo relevo &#8220;M670&#8221; e &#8220;Aozch 936&#8221; na parte lateral. No fundo, há tecido colado.</p>
