{"id":10037,"date":"2021-11-30T20:47:10","date_gmt":"2021-11-30T22:47:10","guid":{"rendered":"https:\/\/museuflorestal.ambiente.sp.gov.br\/acervo\/?post_type=tnc_col_329_item&#038;p=10037"},"modified":"2021-11-30T20:47:13","modified_gmt":"2021-11-30T22:47:13","slug":"alruna-2","status":"publish","type":"tnc_col_329_item","link":"https:\/\/museuflorestal.ambiente.sp.gov.br\/acervo\/museu-florestal-octavio-vecchi\/alruna-2\/","title":{"rendered":"Alruna"},"content":{"rendered":"<p>Escultura de madeira em pe\u00e7a \u00fanica representando com um tronco feminino, alongado, com seios e cintura. Termina em uma base quadrada. No topo, inscri\u00e7\u00e3o em baixo relevo &#8220;M668&#8221; e outra ileg\u00edvel. Na parte inferior da base, dois p\u00e9s de madeira, com tecidos colado e etiqueta com inscri\u00e7\u00e3o &#8220;AL19&#8221;.<\/p>\n","protected":false},"featured_media":10038,"parent":0,"menu_order":0,"comment_status":"closed","ping_status":"closed","template":"","format":"standard","_links":{"self":[{"href":"https:\/\/museuflorestal.ambiente.sp.gov.br\/acervo\/wp-json\/wp\/v2\/tnc_col_329_item\/10037"}],"collection":[{"href":"https:\/\/museuflorestal.ambiente.sp.gov.br\/acervo\/wp-json\/wp\/v2\/tnc_col_329_item"}],"about":[{"href":"https:\/\/museuflorestal.ambiente.sp.gov.br\/acervo\/wp-json\/wp\/v2\/types\/tnc_col_329_item"}],"replies":[{"embeddable":true,"href":"https:\/\/museuflorestal.ambiente.sp.gov.br\/acervo\/wp-json\/wp\/v2\/comments?post=10037"}],"version-history":[{"count":0,"href":"https:\/\/museuflorestal.ambiente.sp.gov.br\/acervo\/wp-json\/wp\/v2\/tnc_col_329_item\/10037\/revisions"}],"wp:featuredmedia":[{"embeddable":true,"href":"https:\/\/museuflorestal.ambiente.sp.gov.br\/acervo\/wp-json\/wp\/v2\/media\/10038"}],"wp:attachment":[{"href":"https:\/\/museuflorestal.ambiente.sp.gov.br\/acervo\/wp-json\/wp\/v2\/media?parent=10037"}],"curies":[{"name":"wp","href":"https:\/\/api.w.org\/{rel}","templated":true}]}}

<p>Escultura de madeira em peça única representando com um tronco feminino, alongado, com seios e cintura. Termina em uma base quadrada. No topo, inscrição em baixo relevo &#8220;M668&#8221; e outra ilegível. Na parte inferior da base, dois pés de madeira, com tecidos colado e etiqueta com inscrição &#8220;AL19&#8221;.</p>
