{"id":10046,"date":"2021-11-30T20:47:28","date_gmt":"2021-11-30T22:47:28","guid":{"rendered":"https:\/\/museuflorestal.ambiente.sp.gov.br\/acervo\/?post_type=tnc_col_329_item&#038;p=10046"},"modified":"2021-11-30T20:47:31","modified_gmt":"2021-11-30T22:47:31","slug":"alruna-3","status":"publish","type":"tnc_col_329_item","link":"https:\/\/museuflorestal.ambiente.sp.gov.br\/acervo\/museu-florestal-octavio-vecchi\/alruna-3\/","title":{"rendered":"Alruna"},"content":{"rendered":"<p>Escultura de madeira em pe\u00e7a \u00fanica. Representando duas figuras humanas, uma segura a outra no colo, que tem as pernas levantadas e m\u00e3o para baixo. Termina em base quadrada. Na parte frontal da base, h\u00e1 uma etiqueta com a inscri\u00e7\u00e3o &#8220;AL3&#8221;. Na lateral oposta, h\u00e1 a inscri\u00e7\u00e3o em baixo relevo &#8220;M671&#8221;. Em outra lateral, h\u00e1 a inscri\u00e7\u00e3o em baixo relevo &#8220;Aozch 936&#8221;. No fundo, h\u00e1 a inscri\u00e7\u00e3o \u00e0 caneta &#8220;AC3&#8221; e quatro tiras de tecido coladas.<\/p>\n","protected":false},"featured_media":10047,"parent":0,"menu_order":0,"comment_status":"closed","ping_status":"closed","template":"","format":"standard","_links":{"self":[{"href":"https:\/\/museuflorestal.ambiente.sp.gov.br\/acervo\/wp-json\/wp\/v2\/tnc_col_329_item\/10046"}],"collection":[{"href":"https:\/\/museuflorestal.ambiente.sp.gov.br\/acervo\/wp-json\/wp\/v2\/tnc_col_329_item"}],"about":[{"href":"https:\/\/museuflorestal.ambiente.sp.gov.br\/acervo\/wp-json\/wp\/v2\/types\/tnc_col_329_item"}],"replies":[{"embeddable":true,"href":"https:\/\/museuflorestal.ambiente.sp.gov.br\/acervo\/wp-json\/wp\/v2\/comments?post=10046"}],"version-history":[{"count":0,"href":"https:\/\/museuflorestal.ambiente.sp.gov.br\/acervo\/wp-json\/wp\/v2\/tnc_col_329_item\/10046\/revisions"}],"wp:featuredmedia":[{"embeddable":true,"href":"https:\/\/museuflorestal.ambiente.sp.gov.br\/acervo\/wp-json\/wp\/v2\/media\/10047"}],"wp:attachment":[{"href":"https:\/\/museuflorestal.ambiente.sp.gov.br\/acervo\/wp-json\/wp\/v2\/media?parent=10046"}],"curies":[{"name":"wp","href":"https:\/\/api.w.org\/{rel}","templated":true}]}}

<p>Escultura de madeira em peça única. Representando duas figuras humanas, uma segura a outra no colo, que tem as pernas levantadas e mão para baixo. Termina em base quadrada. Na parte frontal da base, há uma etiqueta com a inscrição &#8220;AL3&#8221;. Na lateral oposta, há a inscrição em baixo relevo &#8220;M671&#8221;. Em outra lateral, há a inscrição em baixo relevo &#8220;Aozch 936&#8221;. No fundo, há a inscrição à caneta &#8220;AC3&#8221; e quatro tiras de tecido coladas.</p>
