{"id":10077,"date":"2021-11-30T20:48:29","date_gmt":"2021-11-30T22:48:29","guid":{"rendered":"https:\/\/museuflorestal.ambiente.sp.gov.br\/acervo\/?post_type=tnc_col_329_item&#038;p=10077"},"modified":"2021-11-30T20:48:32","modified_gmt":"2021-11-30T22:48:32","slug":"tumor-vegetal","status":"publish","type":"tnc_col_329_item","link":"https:\/\/museuflorestal.ambiente.sp.gov.br\/acervo\/museu-florestal-octavio-vecchi\/tumor-vegetal\/","title":{"rendered":"Tumor vegetal"},"content":{"rendered":"<p>Amostra de forma\u00e7\u00e3o tumorosa vegetal fixada em base de madeira formada por dois blocos com fixa\u00e7\u00e3o por parafuso, e com superf\u00edcie trabalhada com goiva. Adesivo na base na parte superior e marca\u00e7\u00e3o em caneta no verso. Prego na lateral maior\/frente da base.<\/p>\n","protected":false},"featured_media":10080,"parent":0,"menu_order":0,"comment_status":"closed","ping_status":"closed","template":"","format":"standard","_links":{"self":[{"href":"https:\/\/museuflorestal.ambiente.sp.gov.br\/acervo\/wp-json\/wp\/v2\/tnc_col_329_item\/10077"}],"collection":[{"href":"https:\/\/museuflorestal.ambiente.sp.gov.br\/acervo\/wp-json\/wp\/v2\/tnc_col_329_item"}],"about":[{"href":"https:\/\/museuflorestal.ambiente.sp.gov.br\/acervo\/wp-json\/wp\/v2\/types\/tnc_col_329_item"}],"replies":[{"embeddable":true,"href":"https:\/\/museuflorestal.ambiente.sp.gov.br\/acervo\/wp-json\/wp\/v2\/comments?post=10077"}],"version-history":[{"count":0,"href":"https:\/\/museuflorestal.ambiente.sp.gov.br\/acervo\/wp-json\/wp\/v2\/tnc_col_329_item\/10077\/revisions"}],"wp:featuredmedia":[{"embeddable":true,"href":"https:\/\/museuflorestal.ambiente.sp.gov.br\/acervo\/wp-json\/wp\/v2\/media\/10080"}],"wp:attachment":[{"href":"https:\/\/museuflorestal.ambiente.sp.gov.br\/acervo\/wp-json\/wp\/v2\/media?parent=10077"}],"curies":[{"name":"wp","href":"https:\/\/api.w.org\/{rel}","templated":true}]}}

<p>Amostra de formação tumorosa vegetal fixada em base de madeira formada por dois blocos com fixação por parafuso, e com superfície trabalhada com goiva. Adesivo na base na parte superior e marcação em caneta no verso. Prego na lateral maior/frente da base.</p>
