{"id":10084,"date":"2021-11-30T20:48:39","date_gmt":"2021-11-30T22:48:39","guid":{"rendered":"https:\/\/museuflorestal.ambiente.sp.gov.br\/acervo\/?post_type=tnc_col_329_item&#038;p=10084"},"modified":"2021-11-30T20:48:41","modified_gmt":"2021-11-30T22:48:41","slug":"alruna-cabeca-dourado","status":"publish","type":"tnc_col_329_item","link":"https:\/\/museuflorestal.ambiente.sp.gov.br\/acervo\/museu-florestal-octavio-vecchi\/alruna-cabeca-dourado\/","title":{"rendered":"Alruna &#8211; Cabe\u00e7a (dourado)"},"content":{"rendered":"<p>Escultura em dois blocos, sendo uma base e um bloco esculpido no formato de uma cabe\u00e7a de peixe. Fixa\u00e7\u00e3o com 5 pregos.<\/p>\n","protected":false},"featured_media":10087,"parent":0,"menu_order":0,"comment_status":"closed","ping_status":"closed","template":"","format":"standard","_links":{"self":[{"href":"https:\/\/museuflorestal.ambiente.sp.gov.br\/acervo\/wp-json\/wp\/v2\/tnc_col_329_item\/10084"}],"collection":[{"href":"https:\/\/museuflorestal.ambiente.sp.gov.br\/acervo\/wp-json\/wp\/v2\/tnc_col_329_item"}],"about":[{"href":"https:\/\/museuflorestal.ambiente.sp.gov.br\/acervo\/wp-json\/wp\/v2\/types\/tnc_col_329_item"}],"replies":[{"embeddable":true,"href":"https:\/\/museuflorestal.ambiente.sp.gov.br\/acervo\/wp-json\/wp\/v2\/comments?post=10084"}],"version-history":[{"count":0,"href":"https:\/\/museuflorestal.ambiente.sp.gov.br\/acervo\/wp-json\/wp\/v2\/tnc_col_329_item\/10084\/revisions"}],"wp:featuredmedia":[{"embeddable":true,"href":"https:\/\/museuflorestal.ambiente.sp.gov.br\/acervo\/wp-json\/wp\/v2\/media\/10087"}],"wp:attachment":[{"href":"https:\/\/museuflorestal.ambiente.sp.gov.br\/acervo\/wp-json\/wp\/v2\/media?parent=10084"}],"curies":[{"name":"wp","href":"https:\/\/api.w.org\/{rel}","templated":true}]}}

Alruna &#8211; Cabeça (dourado)

<p>Escultura em dois blocos, sendo uma base e um bloco esculpido no formato de uma cabeça de peixe. Fixação com 5 pregos.</p>
