{"id":10103,"date":"2021-11-30T20:49:10","date_gmt":"2021-11-30T22:49:10","guid":{"rendered":"https:\/\/museuflorestal.ambiente.sp.gov.br\/acervo\/?post_type=tnc_col_329_item&#038;p=10103"},"modified":"2021-11-30T20:49:13","modified_gmt":"2021-11-30T22:49:13","slug":"alruna-6","status":"publish","type":"tnc_col_329_item","link":"https:\/\/museuflorestal.ambiente.sp.gov.br\/acervo\/museu-florestal-octavio-vecchi\/alruna-6\/","title":{"rendered":"Alruna"},"content":{"rendered":"<p>Escultura em dois blocos, fixa\u00e7\u00e3o por prego n\u00e3o aparente. Base de madeira em corte transversal com casca e forra\u00e7\u00e3o de veludo. Bloco principal com p\u00e1ssaro em perfil esculpido, com fixa\u00e7\u00e3o de olhos.<\/p>\n","protected":false},"featured_media":10104,"parent":0,"menu_order":0,"comment_status":"closed","ping_status":"closed","template":"","format":"standard","_links":{"self":[{"href":"https:\/\/museuflorestal.ambiente.sp.gov.br\/acervo\/wp-json\/wp\/v2\/tnc_col_329_item\/10103"}],"collection":[{"href":"https:\/\/museuflorestal.ambiente.sp.gov.br\/acervo\/wp-json\/wp\/v2\/tnc_col_329_item"}],"about":[{"href":"https:\/\/museuflorestal.ambiente.sp.gov.br\/acervo\/wp-json\/wp\/v2\/types\/tnc_col_329_item"}],"replies":[{"embeddable":true,"href":"https:\/\/museuflorestal.ambiente.sp.gov.br\/acervo\/wp-json\/wp\/v2\/comments?post=10103"}],"version-history":[{"count":0,"href":"https:\/\/museuflorestal.ambiente.sp.gov.br\/acervo\/wp-json\/wp\/v2\/tnc_col_329_item\/10103\/revisions"}],"wp:featuredmedia":[{"embeddable":true,"href":"https:\/\/museuflorestal.ambiente.sp.gov.br\/acervo\/wp-json\/wp\/v2\/media\/10104"}],"wp:attachment":[{"href":"https:\/\/museuflorestal.ambiente.sp.gov.br\/acervo\/wp-json\/wp\/v2\/media?parent=10103"}],"curies":[{"name":"wp","href":"https:\/\/api.w.org\/{rel}","templated":true}]}}

<p>Escultura em dois blocos, fixação por prego não aparente. Base de madeira em corte transversal com casca e forração de veludo. Bloco principal com pássaro em perfil esculpido, com fixação de olhos.</p>
