{"id":10130,"date":"2021-11-30T20:49:58","date_gmt":"2021-11-30T22:49:58","guid":{"rendered":"https:\/\/museuflorestal.ambiente.sp.gov.br\/acervo\/?post_type=tnc_col_329_item&#038;p=10130"},"modified":"2021-11-30T20:50:00","modified_gmt":"2021-11-30T22:50:00","slug":"porta-caneta-de-capsula-de-jequitiba-rosa","status":"publish","type":"tnc_col_329_item","link":"https:\/\/museuflorestal.ambiente.sp.gov.br\/acervo\/museu-florestal-octavio-vecchi\/porta-caneta-de-capsula-de-jequitiba-rosa\/","title":{"rendered":"Porta-caneta de c\u00e1psula de jequitib\u00e1-rosa"},"content":{"rendered":"<p>Objeto em dois blocos. Base em corte transversal. Bloco principal de c\u00e1psula de fruto de jequitib\u00e1-rosa.<\/p>\n","protected":false},"featured_media":10132,"parent":0,"menu_order":0,"comment_status":"closed","ping_status":"closed","template":"","format":"standard","_links":{"self":[{"href":"https:\/\/museuflorestal.ambiente.sp.gov.br\/acervo\/wp-json\/wp\/v2\/tnc_col_329_item\/10130"}],"collection":[{"href":"https:\/\/museuflorestal.ambiente.sp.gov.br\/acervo\/wp-json\/wp\/v2\/tnc_col_329_item"}],"about":[{"href":"https:\/\/museuflorestal.ambiente.sp.gov.br\/acervo\/wp-json\/wp\/v2\/types\/tnc_col_329_item"}],"replies":[{"embeddable":true,"href":"https:\/\/museuflorestal.ambiente.sp.gov.br\/acervo\/wp-json\/wp\/v2\/comments?post=10130"}],"version-history":[{"count":0,"href":"https:\/\/museuflorestal.ambiente.sp.gov.br\/acervo\/wp-json\/wp\/v2\/tnc_col_329_item\/10130\/revisions"}],"wp:featuredmedia":[{"embeddable":true,"href":"https:\/\/museuflorestal.ambiente.sp.gov.br\/acervo\/wp-json\/wp\/v2\/media\/10132"}],"wp:attachment":[{"href":"https:\/\/museuflorestal.ambiente.sp.gov.br\/acervo\/wp-json\/wp\/v2\/media?parent=10130"}],"curies":[{"name":"wp","href":"https:\/\/api.w.org\/{rel}","templated":true}]}}

Porta-caneta de cápsula de jequitibá-rosa

<p>Objeto em dois blocos. Base em corte transversal. Bloco principal de cápsula de fruto de jequitibá-rosa.</p>
