{"id":10178,"date":"2021-11-30T20:51:16","date_gmt":"2021-11-30T22:51:16","guid":{"rendered":"https:\/\/museuflorestal.ambiente.sp.gov.br\/acervo\/?post_type=tnc_col_329_item&#038;p=10178"},"modified":"2021-11-30T20:51:19","modified_gmt":"2021-11-30T22:51:19","slug":"porta-tinteiro","status":"publish","type":"tnc_col_329_item","link":"https:\/\/museuflorestal.ambiente.sp.gov.br\/acervo\/museu-florestal-octavio-vecchi\/porta-tinteiro\/","title":{"rendered":"Porta-tinteiro"},"content":{"rendered":"<p>Objeto retangular de madeira, na cor natural da madeira. Possui quatro p\u00e9s, sendo os dois posteriores quadrados e os dois dianteiros com entalhes alongados. Na parte superior, h\u00e1 um entalhe em formato de curva com flores e frutos, e as letras &#8220;SF&#8221; intercaladas por uma \u00e1rvore. Na frente h\u00e1 tr\u00eas cavidades, sendo duas quadradas e uma circular. Na ponta h\u00e1 um declive convexo. Nas laterais do objeto h\u00e1 entalhes curvil\u00edneos. Em uma das laterais h\u00e1 a inscri\u00e7\u00e3o em baixo relevo &#8220;M667&#8221;. Na parte posterior h\u00e1 entalhes retangulares de \u00e1rvore e frutos. Na parte inferior da base, h\u00e1 uma etiqueta com a inscri\u00e7\u00e3o &#8220;OB-14&#8221;. H\u00e1 tiras de tecido coladas nos p\u00e9s.<\/p>\n","protected":false},"featured_media":10180,"parent":0,"menu_order":0,"comment_status":"closed","ping_status":"closed","template":"","format":"standard","_links":{"self":[{"href":"https:\/\/museuflorestal.ambiente.sp.gov.br\/acervo\/wp-json\/wp\/v2\/tnc_col_329_item\/10178"}],"collection":[{"href":"https:\/\/museuflorestal.ambiente.sp.gov.br\/acervo\/wp-json\/wp\/v2\/tnc_col_329_item"}],"about":[{"href":"https:\/\/museuflorestal.ambiente.sp.gov.br\/acervo\/wp-json\/wp\/v2\/types\/tnc_col_329_item"}],"replies":[{"embeddable":true,"href":"https:\/\/museuflorestal.ambiente.sp.gov.br\/acervo\/wp-json\/wp\/v2\/comments?post=10178"}],"version-history":[{"count":0,"href":"https:\/\/museuflorestal.ambiente.sp.gov.br\/acervo\/wp-json\/wp\/v2\/tnc_col_329_item\/10178\/revisions"}],"wp:featuredmedia":[{"embeddable":true,"href":"https:\/\/museuflorestal.ambiente.sp.gov.br\/acervo\/wp-json\/wp\/v2\/media\/10180"}],"wp:attachment":[{"href":"https:\/\/museuflorestal.ambiente.sp.gov.br\/acervo\/wp-json\/wp\/v2\/media?parent=10178"}],"curies":[{"name":"wp","href":"https:\/\/api.w.org\/{rel}","templated":true}]}}

<p>Objeto retangular de madeira, na cor natural da madeira. Possui quatro pés, sendo os dois posteriores quadrados e os dois dianteiros com entalhes alongados. Na parte superior, há um entalhe em formato de curva com flores e frutos, e as letras &#8220;SF&#8221; intercaladas por uma árvore. Na frente há três cavidades, sendo duas quadradas e uma circular. Na ponta há um declive convexo. Nas laterais do objeto há entalhes curvilíneos. Em uma das laterais há a inscrição em baixo relevo &#8220;M667&#8221;. Na parte posterior há entalhes retangulares de árvore e frutos. Na parte inferior da base, há uma etiqueta com a inscrição &#8220;OB-14&#8221;. Há tiras de tecido coladas nos pés.</p>
