{"id":10189,"date":"2021-11-30T20:51:34","date_gmt":"2021-11-30T22:51:34","guid":{"rendered":"https:\/\/museuflorestal.ambiente.sp.gov.br\/acervo\/?post_type=tnc_col_329_item&#038;p=10189"},"modified":"2021-11-30T20:51:37","modified_gmt":"2021-11-30T22:51:37","slug":"amostra-de-aroeira-do-sertao","status":"publish","type":"tnc_col_329_item","link":"https:\/\/museuflorestal.ambiente.sp.gov.br\/acervo\/museu-florestal-octavio-vecchi\/amostra-de-aroeira-do-sertao\/","title":{"rendered":"Amostra de aroeira-do-sert\u00e3o"},"content":{"rendered":"<p>Amostra de madeira em formato de paralelep\u00edpedo. Em uma de suas faces, h\u00e1 uma etiqueta com a inscri\u00e7\u00e3o &#8220;Aroeira-do-sert\u00e3o, Astronium urundeuva (Fr. All. ), Engl. Anacardiaceae&#8221;. Em outra face h\u00e1 uma etiqueta com a inscri\u00e7\u00e3o &#8220;MT-511&#8221;, e outra face com tiras de tecido coladas.<\/p>\n","protected":false},"featured_media":10190,"parent":0,"menu_order":0,"comment_status":"closed","ping_status":"closed","template":"","format":"standard","_links":{"self":[{"href":"https:\/\/museuflorestal.ambiente.sp.gov.br\/acervo\/wp-json\/wp\/v2\/tnc_col_329_item\/10189"}],"collection":[{"href":"https:\/\/museuflorestal.ambiente.sp.gov.br\/acervo\/wp-json\/wp\/v2\/tnc_col_329_item"}],"about":[{"href":"https:\/\/museuflorestal.ambiente.sp.gov.br\/acervo\/wp-json\/wp\/v2\/types\/tnc_col_329_item"}],"replies":[{"embeddable":true,"href":"https:\/\/museuflorestal.ambiente.sp.gov.br\/acervo\/wp-json\/wp\/v2\/comments?post=10189"}],"version-history":[{"count":0,"href":"https:\/\/museuflorestal.ambiente.sp.gov.br\/acervo\/wp-json\/wp\/v2\/tnc_col_329_item\/10189\/revisions"}],"wp:featuredmedia":[{"embeddable":true,"href":"https:\/\/museuflorestal.ambiente.sp.gov.br\/acervo\/wp-json\/wp\/v2\/media\/10190"}],"wp:attachment":[{"href":"https:\/\/museuflorestal.ambiente.sp.gov.br\/acervo\/wp-json\/wp\/v2\/media?parent=10189"}],"curies":[{"name":"wp","href":"https:\/\/api.w.org\/{rel}","templated":true}]}}

Amostra de aroeira-do-sertão

<p>Amostra de madeira em formato de paralelepípedo. Em uma de suas faces, há uma etiqueta com a inscrição &#8220;Aroeira-do-sertão, Astronium urundeuva (Fr. All. ), Engl. Anacardiaceae&#8221;. Em outra face há uma etiqueta com a inscrição &#8220;MT-511&#8221;, e outra face com tiras de tecido coladas.</p>
