{"id":10193,"date":"2021-11-30T20:51:41","date_gmt":"2021-11-30T22:51:41","guid":{"rendered":"https:\/\/museuflorestal.ambiente.sp.gov.br\/acervo\/?post_type=tnc_col_329_item&#038;p=10193"},"modified":"2021-11-30T20:51:44","modified_gmt":"2021-11-30T22:51:44","slug":"amostra-de-cupressus-portugues","status":"publish","type":"tnc_col_329_item","link":"https:\/\/museuflorestal.ambiente.sp.gov.br\/acervo\/museu-florestal-octavio-vecchi\/amostra-de-cupressus-portugues\/","title":{"rendered":"Amostra de cupressus portugu\u00eas"},"content":{"rendered":"<p>Amostra de madeira em formato de paralelep\u00edpedo. Em uma de suas faces quadradas, h\u00e1 uma etiqueta com a inscri\u00e7\u00e3o &#8220;MT-504&#8221;. Em uma de suas faces retangulares h\u00e1 uma etiqueta com a inscri\u00e7\u00e3o &#8220;Cupressus portugues, Cupressus lusitanica Mill. Cupressaceae&#8221;. Na face oposta h\u00e1 duas tiras de tecido coladas.<\/p>\n","protected":false},"featured_media":10194,"parent":0,"menu_order":0,"comment_status":"closed","ping_status":"closed","template":"","format":"standard","_links":{"self":[{"href":"https:\/\/museuflorestal.ambiente.sp.gov.br\/acervo\/wp-json\/wp\/v2\/tnc_col_329_item\/10193"}],"collection":[{"href":"https:\/\/museuflorestal.ambiente.sp.gov.br\/acervo\/wp-json\/wp\/v2\/tnc_col_329_item"}],"about":[{"href":"https:\/\/museuflorestal.ambiente.sp.gov.br\/acervo\/wp-json\/wp\/v2\/types\/tnc_col_329_item"}],"replies":[{"embeddable":true,"href":"https:\/\/museuflorestal.ambiente.sp.gov.br\/acervo\/wp-json\/wp\/v2\/comments?post=10193"}],"version-history":[{"count":0,"href":"https:\/\/museuflorestal.ambiente.sp.gov.br\/acervo\/wp-json\/wp\/v2\/tnc_col_329_item\/10193\/revisions"}],"wp:featuredmedia":[{"embeddable":true,"href":"https:\/\/museuflorestal.ambiente.sp.gov.br\/acervo\/wp-json\/wp\/v2\/media\/10194"}],"wp:attachment":[{"href":"https:\/\/museuflorestal.ambiente.sp.gov.br\/acervo\/wp-json\/wp\/v2\/media?parent=10193"}],"curies":[{"name":"wp","href":"https:\/\/api.w.org\/{rel}","templated":true}]}}

Amostra de cupressus português

<p>Amostra de madeira em formato de paralelepípedo. Em uma de suas faces quadradas, há uma etiqueta com a inscrição &#8220;MT-504&#8221;. Em uma de suas faces retangulares há uma etiqueta com a inscrição &#8220;Cupressus portugues, Cupressus lusitanica Mill. Cupressaceae&#8221;. Na face oposta há duas tiras de tecido coladas.</p>
