{"id":10203,"date":"2021-11-30T20:51:59","date_gmt":"2021-11-30T22:51:59","guid":{"rendered":"https:\/\/museuflorestal.ambiente.sp.gov.br\/acervo\/?post_type=tnc_col_329_item&#038;p=10203"},"modified":"2021-11-30T20:52:02","modified_gmt":"2021-11-30T22:52:02","slug":"amostra-de-embirucu","status":"publish","type":"tnc_col_329_item","link":"https:\/\/museuflorestal.ambiente.sp.gov.br\/acervo\/museu-florestal-octavio-vecchi\/amostra-de-embirucu\/","title":{"rendered":"Amostra de embiru\u00e7u"},"content":{"rendered":"<p>Amostra de madeira em formato de paralelep\u00edpedo. Em uma de suas faces h\u00e1 uma etiqueta com a inscri\u00e7\u00e3o &#8220;MT-510&#8221;. Em outra face h\u00e1 uma etiqueta com a inscri\u00e7\u00e3o &#8220;Embiru\u00e7u, Pseudobombax sp. , Bombacaceae&#8221;. Na lateral oposta h\u00e1 duas tiras de tecido coladas.<\/p>\n","protected":false},"featured_media":10204,"parent":0,"menu_order":0,"comment_status":"closed","ping_status":"closed","template":"","format":"standard","_links":{"self":[{"href":"https:\/\/museuflorestal.ambiente.sp.gov.br\/acervo\/wp-json\/wp\/v2\/tnc_col_329_item\/10203"}],"collection":[{"href":"https:\/\/museuflorestal.ambiente.sp.gov.br\/acervo\/wp-json\/wp\/v2\/tnc_col_329_item"}],"about":[{"href":"https:\/\/museuflorestal.ambiente.sp.gov.br\/acervo\/wp-json\/wp\/v2\/types\/tnc_col_329_item"}],"replies":[{"embeddable":true,"href":"https:\/\/museuflorestal.ambiente.sp.gov.br\/acervo\/wp-json\/wp\/v2\/comments?post=10203"}],"version-history":[{"count":0,"href":"https:\/\/museuflorestal.ambiente.sp.gov.br\/acervo\/wp-json\/wp\/v2\/tnc_col_329_item\/10203\/revisions"}],"wp:featuredmedia":[{"embeddable":true,"href":"https:\/\/museuflorestal.ambiente.sp.gov.br\/acervo\/wp-json\/wp\/v2\/media\/10204"}],"wp:attachment":[{"href":"https:\/\/museuflorestal.ambiente.sp.gov.br\/acervo\/wp-json\/wp\/v2\/media?parent=10203"}],"curies":[{"name":"wp","href":"https:\/\/api.w.org\/{rel}","templated":true}]}}

Amostra de embiruçu

<p>Amostra de madeira em formato de paralelepípedo. Em uma de suas faces há uma etiqueta com a inscrição &#8220;MT-510&#8221;. Em outra face há uma etiqueta com a inscrição &#8220;Embiruçu, Pseudobombax sp. , Bombacaceae&#8221;. Na lateral oposta há duas tiras de tecido coladas.</p>
