{"id":10207,"date":"2021-11-30T20:52:06","date_gmt":"2021-11-30T22:52:06","guid":{"rendered":"https:\/\/museuflorestal.ambiente.sp.gov.br\/acervo\/?post_type=tnc_col_329_item&#038;p=10207"},"modified":"2021-11-30T20:52:09","modified_gmt":"2021-11-30T22:52:09","slug":"quadro-com-borboleta-azul","status":"publish","type":"tnc_col_329_item","link":"https:\/\/museuflorestal.ambiente.sp.gov.br\/acervo\/museu-florestal-octavio-vecchi\/quadro-com-borboleta-azul\/","title":{"rendered":"Quadro com borboleta azul"},"content":{"rendered":"<p>Quadro com borboleta, com moldura de madeira e tampo de acr\u00edlico. Sob o tampo h\u00e1 uma borboleta de corpo preto e asas azuis, com detalhes pretos. Abaixo dela, h\u00e1 um pingente dourado com o formato do Brasil e a inscri\u00e7\u00e3o &#8220;Brasil&#8221;. No verso, gancho de metal na parte superior.<\/p>\n","protected":false},"featured_media":10208,"parent":0,"menu_order":0,"comment_status":"closed","ping_status":"closed","template":"","format":"standard","_links":{"self":[{"href":"https:\/\/museuflorestal.ambiente.sp.gov.br\/acervo\/wp-json\/wp\/v2\/tnc_col_329_item\/10207"}],"collection":[{"href":"https:\/\/museuflorestal.ambiente.sp.gov.br\/acervo\/wp-json\/wp\/v2\/tnc_col_329_item"}],"about":[{"href":"https:\/\/museuflorestal.ambiente.sp.gov.br\/acervo\/wp-json\/wp\/v2\/types\/tnc_col_329_item"}],"replies":[{"embeddable":true,"href":"https:\/\/museuflorestal.ambiente.sp.gov.br\/acervo\/wp-json\/wp\/v2\/comments?post=10207"}],"version-history":[{"count":0,"href":"https:\/\/museuflorestal.ambiente.sp.gov.br\/acervo\/wp-json\/wp\/v2\/tnc_col_329_item\/10207\/revisions"}],"wp:featuredmedia":[{"embeddable":true,"href":"https:\/\/museuflorestal.ambiente.sp.gov.br\/acervo\/wp-json\/wp\/v2\/media\/10208"}],"wp:attachment":[{"href":"https:\/\/museuflorestal.ambiente.sp.gov.br\/acervo\/wp-json\/wp\/v2\/media?parent=10207"}],"curies":[{"name":"wp","href":"https:\/\/api.w.org\/{rel}","templated":true}]}}

<p>Quadro com borboleta, com moldura de madeira e tampo de acrílico. Sob o tampo há uma borboleta de corpo preto e asas azuis, com detalhes pretos. Abaixo dela, há um pingente dourado com o formato do Brasil e a inscrição &#8220;Brasil&#8221;. No verso, gancho de metal na parte superior.</p>
