{"id":10221,"date":"2021-11-30T20:52:31","date_gmt":"2021-11-30T22:52:31","guid":{"rendered":"https:\/\/museuflorestal.ambiente.sp.gov.br\/acervo\/?post_type=tnc_col_329_item&#038;p=10221"},"modified":"2021-11-30T20:52:34","modified_gmt":"2021-11-30T22:52:34","slug":"borboleta-pieris-monusle","status":"publish","type":"tnc_col_329_item","link":"https:\/\/museuflorestal.ambiente.sp.gov.br\/acervo\/museu-florestal-octavio-vecchi\/borboleta-pieris-monusle\/","title":{"rendered":"Borboleta Pieris monusl\u00e9 (?)"},"content":{"rendered":"<p>Borboleta de corpo felpudo e acinzentado. Possui a cabe\u00e7a amarelada, asas bifurcadas de cor branca com as bordas amarronzadas, e veios nas asas horizontais da mesma cor que a asa. Est\u00e1 suspensa e presa por um alfinete, fixado na parte central do seu corpo. De baixo da borboleta, presa num alfinete, h\u00e1 uma etiqueta com a inscri\u00e7\u00e3o &#8220;Escola, 1949, Az&#8221;. Do lado esquerdo de quem olha, h\u00e1 uma etiqueta com bordas azuis com a inscri\u00e7\u00e3o \u00e0 caneta preta &#8220;Pieris monusl\u00e9 or seis Godt. [?], O. V. &#8211; Loreto &#8211; Piza dt. &#8220;, o s\u00edmbolo de masculino, e a impress\u00e3o &#8220;Collec\u00e7\u00e3o O. Vecchi &#8211; Brasil&#8221;.<\/p>\n","protected":false},"featured_media":10224,"parent":0,"menu_order":0,"comment_status":"closed","ping_status":"closed","template":"","format":"standard","_links":{"self":[{"href":"https:\/\/museuflorestal.ambiente.sp.gov.br\/acervo\/wp-json\/wp\/v2\/tnc_col_329_item\/10221"}],"collection":[{"href":"https:\/\/museuflorestal.ambiente.sp.gov.br\/acervo\/wp-json\/wp\/v2\/tnc_col_329_item"}],"about":[{"href":"https:\/\/museuflorestal.ambiente.sp.gov.br\/acervo\/wp-json\/wp\/v2\/types\/tnc_col_329_item"}],"replies":[{"embeddable":true,"href":"https:\/\/museuflorestal.ambiente.sp.gov.br\/acervo\/wp-json\/wp\/v2\/comments?post=10221"}],"version-history":[{"count":0,"href":"https:\/\/museuflorestal.ambiente.sp.gov.br\/acervo\/wp-json\/wp\/v2\/tnc_col_329_item\/10221\/revisions"}],"wp:featuredmedia":[{"embeddable":true,"href":"https:\/\/museuflorestal.ambiente.sp.gov.br\/acervo\/wp-json\/wp\/v2\/media\/10224"}],"wp:attachment":[{"href":"https:\/\/museuflorestal.ambiente.sp.gov.br\/acervo\/wp-json\/wp\/v2\/media?parent=10221"}],"curies":[{"name":"wp","href":"https:\/\/api.w.org\/{rel}","templated":true}]}}

Borboleta Pieris monuslé (?)

<p>Borboleta de corpo felpudo e acinzentado. Possui a cabeça amarelada, asas bifurcadas de cor branca com as bordas amarronzadas, e veios nas asas horizontais da mesma cor que a asa. Está suspensa e presa por um alfinete, fixado na parte central do seu corpo. De baixo da borboleta, presa num alfinete, há uma etiqueta com a inscrição &#8220;Escola, 1949, Az&#8221;. Do lado esquerdo de quem olha, há uma etiqueta com bordas azuis com a inscrição à caneta preta &#8220;Pieris monuslé or seis Godt. [?], O. V. &#8211; Loreto &#8211; Piza dt. &#8220;, o símbolo de masculino, e a impressão &#8220;Collecção O. Vecchi &#8211; Brasil&#8221;.</p>
