{"id":10226,"date":"2021-11-30T20:52:36","date_gmt":"2021-11-30T22:52:36","guid":{"rendered":"https:\/\/museuflorestal.ambiente.sp.gov.br\/acervo\/?post_type=tnc_col_329_item&#038;p=10226"},"modified":"2021-11-30T20:52:39","modified_gmt":"2021-11-30T22:52:39","slug":"borboleta-prepona-demophon","status":"publish","type":"tnc_col_329_item","link":"https:\/\/museuflorestal.ambiente.sp.gov.br\/acervo\/museu-florestal-octavio-vecchi\/borboleta-prepona-demophon\/","title":{"rendered":"Borboleta Prepona demophon"},"content":{"rendered":"<p>Borboleta de corpo marrom. Possui as asas bifurcadas e na cor marrom, com o centro na cor azul-claro e veios da asa marrom. Est\u00e1 suspensa e presa por um alfinete, fixado na parte central do seu corpo. Do lado esquerdo de quem olha, h\u00e1 uma etiqueta com bordas azuis com a inscri\u00e7\u00e3o \u00e0 caneta preta &#8220;Prepona demophon, Extineta [?] Stgr. , O. V. C. Alto Piza dt. &#8220;, o s\u00edmbolo de masculino, e a impress\u00e3o &#8220;Collec\u00e7\u00e3o O. Vecchi &#8211; Loreto&#8221;.<\/p>\n","protected":false},"featured_media":10227,"parent":0,"menu_order":0,"comment_status":"closed","ping_status":"closed","template":"","format":"standard","_links":{"self":[{"href":"https:\/\/museuflorestal.ambiente.sp.gov.br\/acervo\/wp-json\/wp\/v2\/tnc_col_329_item\/10226"}],"collection":[{"href":"https:\/\/museuflorestal.ambiente.sp.gov.br\/acervo\/wp-json\/wp\/v2\/tnc_col_329_item"}],"about":[{"href":"https:\/\/museuflorestal.ambiente.sp.gov.br\/acervo\/wp-json\/wp\/v2\/types\/tnc_col_329_item"}],"replies":[{"embeddable":true,"href":"https:\/\/museuflorestal.ambiente.sp.gov.br\/acervo\/wp-json\/wp\/v2\/comments?post=10226"}],"version-history":[{"count":0,"href":"https:\/\/museuflorestal.ambiente.sp.gov.br\/acervo\/wp-json\/wp\/v2\/tnc_col_329_item\/10226\/revisions"}],"wp:featuredmedia":[{"embeddable":true,"href":"https:\/\/museuflorestal.ambiente.sp.gov.br\/acervo\/wp-json\/wp\/v2\/media\/10227"}],"wp:attachment":[{"href":"https:\/\/museuflorestal.ambiente.sp.gov.br\/acervo\/wp-json\/wp\/v2\/media?parent=10226"}],"curies":[{"name":"wp","href":"https:\/\/api.w.org\/{rel}","templated":true}]}}

<p>Borboleta de corpo marrom. Possui as asas bifurcadas e na cor marrom, com o centro na cor azul-claro e veios da asa marrom. Está suspensa e presa por um alfinete, fixado na parte central do seu corpo. Do lado esquerdo de quem olha, há uma etiqueta com bordas azuis com a inscrição à caneta preta &#8220;Prepona demophon, Extineta [?] Stgr. , O. V. C. Alto Piza dt. &#8220;, o símbolo de masculino, e a impressão &#8220;Collecção O. Vecchi &#8211; Loreto&#8221;.</p>
