{"id":10228,"date":"2021-11-30T20:52:40","date_gmt":"2021-11-30T22:52:40","guid":{"rendered":"https:\/\/museuflorestal.ambiente.sp.gov.br\/acervo\/?post_type=tnc_col_329_item&#038;p=10228"},"modified":"2021-11-30T20:52:42","modified_gmt":"2021-11-30T22:52:42","slug":"borboleta-urbanus-proteus-l-1758","status":"publish","type":"tnc_col_329_item","link":"https:\/\/museuflorestal.ambiente.sp.gov.br\/acervo\/museu-florestal-octavio-vecchi\/borboleta-urbanus-proteus-l-1758\/","title":{"rendered":"Borboleta Urbanus proteus (L.,1758)"},"content":{"rendered":"<p>Borboleta de corpo e asas na cor marrom. Possui asas bifurcadas, sendo as superiores com pontos de cor bege, e as inferiores alongadas. Est\u00e1 suspensa e presa por um alfinete, fixado na parte central do seu corpo. De baixo da borboleta, h\u00e1 uma etiqueta com bordas azuis com a inscri\u00e7\u00e3o \u00e0 caneta preta &#8220;O. V. Loreto &#8211; Piza dt. &#8220;, e a impress\u00e3o &#8220;Collec\u00e7\u00e3o O. Vecchi &#8211; Loreto&#8221;.<\/p>\n","protected":false},"featured_media":10229,"parent":0,"menu_order":0,"comment_status":"closed","ping_status":"closed","template":"","format":"standard","_links":{"self":[{"href":"https:\/\/museuflorestal.ambiente.sp.gov.br\/acervo\/wp-json\/wp\/v2\/tnc_col_329_item\/10228"}],"collection":[{"href":"https:\/\/museuflorestal.ambiente.sp.gov.br\/acervo\/wp-json\/wp\/v2\/tnc_col_329_item"}],"about":[{"href":"https:\/\/museuflorestal.ambiente.sp.gov.br\/acervo\/wp-json\/wp\/v2\/types\/tnc_col_329_item"}],"replies":[{"embeddable":true,"href":"https:\/\/museuflorestal.ambiente.sp.gov.br\/acervo\/wp-json\/wp\/v2\/comments?post=10228"}],"version-history":[{"count":0,"href":"https:\/\/museuflorestal.ambiente.sp.gov.br\/acervo\/wp-json\/wp\/v2\/tnc_col_329_item\/10228\/revisions"}],"wp:featuredmedia":[{"embeddable":true,"href":"https:\/\/museuflorestal.ambiente.sp.gov.br\/acervo\/wp-json\/wp\/v2\/media\/10229"}],"wp:attachment":[{"href":"https:\/\/museuflorestal.ambiente.sp.gov.br\/acervo\/wp-json\/wp\/v2\/media?parent=10228"}],"curies":[{"name":"wp","href":"https:\/\/api.w.org\/{rel}","templated":true}]}}

<p>Borboleta de corpo e asas na cor marrom. Possui asas bifurcadas, sendo as superiores com pontos de cor bege, e as inferiores alongadas. Está suspensa e presa por um alfinete, fixado na parte central do seu corpo. De baixo da borboleta, há uma etiqueta com bordas azuis com a inscrição à caneta preta &#8220;O. V. Loreto &#8211; Piza dt. &#8220;, e a impressão &#8220;Collecção O. Vecchi &#8211; Loreto&#8221;.</p>
