{"id":10232,"date":"2021-11-30T20:52:46","date_gmt":"2021-11-30T22:52:46","guid":{"rendered":"https:\/\/museuflorestal.ambiente.sp.gov.br\/acervo\/?post_type=tnc_col_329_item&#038;p=10232"},"modified":"2021-11-30T20:52:49","modified_gmt":"2021-11-30T22:52:49","slug":"borboleta-lycorea-halia-hbn-1816","status":"publish","type":"tnc_col_329_item","link":"https:\/\/museuflorestal.ambiente.sp.gov.br\/acervo\/museu-florestal-octavio-vecchi\/borboleta-lycorea-halia-hbn-1816\/","title":{"rendered":"Borboleta Lycorea halia (Hbn., 1816)"},"content":{"rendered":"<p>Borboleta de corpo alongado e cor marrom escuro. Possui as asas bifurcadas, as superiores s\u00e3o alongadas e com as bordas rajadas em tom de marrom escuro. As bordas das asas inferiores s\u00e3o marrom escuro com pequenos c\u00edrculos brancos. O centro das asas tem tons de caramelo e amarelo. Est\u00e1 suspensa e presa por um alfinete, fixado na parte central do seu corpo. Embaixo da borboleta h\u00e1 um papel com as bordas picotadas com a inscri\u00e7\u00e3o &#8220;2661&#8221;, e uma etiqueta de bordas azuis com a inscri\u00e7\u00e3o &#8220;Lycorea halia, Discreta Hapn. , Piza dt&#8221;.<\/p>\n","protected":false},"featured_media":10233,"parent":0,"menu_order":0,"comment_status":"closed","ping_status":"closed","template":"","format":"standard","_links":{"self":[{"href":"https:\/\/museuflorestal.ambiente.sp.gov.br\/acervo\/wp-json\/wp\/v2\/tnc_col_329_item\/10232"}],"collection":[{"href":"https:\/\/museuflorestal.ambiente.sp.gov.br\/acervo\/wp-json\/wp\/v2\/tnc_col_329_item"}],"about":[{"href":"https:\/\/museuflorestal.ambiente.sp.gov.br\/acervo\/wp-json\/wp\/v2\/types\/tnc_col_329_item"}],"replies":[{"embeddable":true,"href":"https:\/\/museuflorestal.ambiente.sp.gov.br\/acervo\/wp-json\/wp\/v2\/comments?post=10232"}],"version-history":[{"count":0,"href":"https:\/\/museuflorestal.ambiente.sp.gov.br\/acervo\/wp-json\/wp\/v2\/tnc_col_329_item\/10232\/revisions"}],"wp:featuredmedia":[{"embeddable":true,"href":"https:\/\/museuflorestal.ambiente.sp.gov.br\/acervo\/wp-json\/wp\/v2\/media\/10233"}],"wp:attachment":[{"href":"https:\/\/museuflorestal.ambiente.sp.gov.br\/acervo\/wp-json\/wp\/v2\/media?parent=10232"}],"curies":[{"name":"wp","href":"https:\/\/api.w.org\/{rel}","templated":true}]}}

<p>Borboleta de corpo alongado e cor marrom escuro. Possui as asas bifurcadas, as superiores são alongadas e com as bordas rajadas em tom de marrom escuro. As bordas das asas inferiores são marrom escuro com pequenos círculos brancos. O centro das asas tem tons de caramelo e amarelo. Está suspensa e presa por um alfinete, fixado na parte central do seu corpo. Embaixo da borboleta há um papel com as bordas picotadas com a inscrição &#8220;2661&#8221;, e uma etiqueta de bordas azuis com a inscrição &#8220;Lycorea halia, Discreta Hapn. , Piza dt&#8221;.</p>
