{"id":10236,"date":"2021-11-30T20:52:53","date_gmt":"2021-11-30T22:52:53","guid":{"rendered":"https:\/\/museuflorestal.ambiente.sp.gov.br\/acervo\/?post_type=tnc_col_329_item&#038;p=10236"},"modified":"2021-11-30T20:52:55","modified_gmt":"2021-11-30T22:52:55","slug":"borboleta-phoebis-neocypris-hueb-1823","status":"publish","type":"tnc_col_329_item","link":"https:\/\/museuflorestal.ambiente.sp.gov.br\/acervo\/museu-florestal-octavio-vecchi\/borboleta-phoebis-neocypris-hueb-1823\/","title":{"rendered":"Borboleta Phoebis neocypris (Hueb., 1823)"},"content":{"rendered":"<p>Borboleta de corpo marrom claro. Possui as asas amarelas e uniformes, levemente quadradas e bifurcadas. \u00c9 poss\u00edvel ver as nervuras nas asas, que tem manchas marrom nas bordas. Est\u00e1 suspensa e presa por um alfinete, fixado na parte central do seu corpo. Ao lado esquerdo de quem olha, h\u00e1 duas etiquetas retangulares brancas, com bordas azuis e a inscri\u00e7\u00e3o &#8220;Collec\u00e7\u00e3o O. Vecchi &#8211; Loreto&#8221;. Em uma etiqueta se l\u00ea &#8220;Catopoilia, Cipris f. , H. L. &#8211; Noroeste &#8211; Piza dt. &#8220;, e o s\u00edmbolo de masculino. Na outra etiqueta, h\u00e1 as informa\u00e7\u00f5es &#8220;Phoebis, Neocypris (Hubn), H. L. &#8211; Noroeste &#8211; Piza dt. &#8220;, e o s\u00edmbolo de masculino.<\/p>\n","protected":false},"featured_media":10237,"parent":0,"menu_order":0,"comment_status":"closed","ping_status":"closed","template":"","format":"standard","_links":{"self":[{"href":"https:\/\/museuflorestal.ambiente.sp.gov.br\/acervo\/wp-json\/wp\/v2\/tnc_col_329_item\/10236"}],"collection":[{"href":"https:\/\/museuflorestal.ambiente.sp.gov.br\/acervo\/wp-json\/wp\/v2\/tnc_col_329_item"}],"about":[{"href":"https:\/\/museuflorestal.ambiente.sp.gov.br\/acervo\/wp-json\/wp\/v2\/types\/tnc_col_329_item"}],"replies":[{"embeddable":true,"href":"https:\/\/museuflorestal.ambiente.sp.gov.br\/acervo\/wp-json\/wp\/v2\/comments?post=10236"}],"version-history":[{"count":0,"href":"https:\/\/museuflorestal.ambiente.sp.gov.br\/acervo\/wp-json\/wp\/v2\/tnc_col_329_item\/10236\/revisions"}],"wp:featuredmedia":[{"embeddable":true,"href":"https:\/\/museuflorestal.ambiente.sp.gov.br\/acervo\/wp-json\/wp\/v2\/media\/10237"}],"wp:attachment":[{"href":"https:\/\/museuflorestal.ambiente.sp.gov.br\/acervo\/wp-json\/wp\/v2\/media?parent=10236"}],"curies":[{"name":"wp","href":"https:\/\/api.w.org\/{rel}","templated":true}]}}

<p>Borboleta de corpo marrom claro. Possui as asas amarelas e uniformes, levemente quadradas e bifurcadas. É possível ver as nervuras nas asas, que tem manchas marrom nas bordas. Está suspensa e presa por um alfinete, fixado na parte central do seu corpo. Ao lado esquerdo de quem olha, há duas etiquetas retangulares brancas, com bordas azuis e a inscrição &#8220;Collecção O. Vecchi &#8211; Loreto&#8221;. Em uma etiqueta se lê &#8220;Catopoilia, Cipris f. , H. L. &#8211; Noroeste &#8211; Piza dt. &#8220;, e o símbolo de masculino. Na outra etiqueta, há as informações &#8220;Phoebis, Neocypris (Hubn), H. L. &#8211; Noroeste &#8211; Piza dt. &#8220;, e o símbolo de masculino.</p>
