{"id":10256,"date":"2021-11-30T20:53:20","date_gmt":"2021-11-30T22:53:20","guid":{"rendered":"https:\/\/museuflorestal.ambiente.sp.gov.br\/acervo\/?post_type=tnc_col_329_item&#038;p=10256"},"modified":"2021-11-30T20:53:22","modified_gmt":"2021-11-30T22:53:22","slug":"borboleta-danaus-gilippus-cr-1775-masculino","status":"publish","type":"tnc_col_329_item","link":"https:\/\/museuflorestal.ambiente.sp.gov.br\/acervo\/museu-florestal-octavio-vecchi\/borboleta-danaus-gilippus-cr-1775-masculino\/","title":{"rendered":"Borboleta Danaus gilippus (Cr., 1775) (masculino)"},"content":{"rendered":"<p>Borboleta de corpo marrom escuro, alongado e com manchas circulares brancas. Possui as asas bifurcadas e alongadas na parte superior. As bordas das asas possuem um listra marrom escuro, com manchas brancas circulares em toda a extens\u00e3o. O centro da asa \u00e9 em tom caramelo escuro, onde \u00e9 poss\u00edvel ver as nervuras mais escuras, com manchas circulares brancas. Est\u00e1 suspensa e presa por um alfinete, fixado na parte central do seu corpo. De baixo da borboleta, h\u00e1 uma etiqueta retangular com bordas azuis, onde se l\u00ea o nome &#8220;Danais&#8221;, ao lado do s\u00edmbolo de masculino, [nome cient\u00edfico], e a impress\u00e3o &#8220;Collec\u00e7\u00e3o O. Vecchi &#8211; Loreto&#8221;.<\/p>\n","protected":false},"featured_media":10257,"parent":0,"menu_order":0,"comment_status":"closed","ping_status":"closed","template":"","format":"standard","_links":{"self":[{"href":"https:\/\/museuflorestal.ambiente.sp.gov.br\/acervo\/wp-json\/wp\/v2\/tnc_col_329_item\/10256"}],"collection":[{"href":"https:\/\/museuflorestal.ambiente.sp.gov.br\/acervo\/wp-json\/wp\/v2\/tnc_col_329_item"}],"about":[{"href":"https:\/\/museuflorestal.ambiente.sp.gov.br\/acervo\/wp-json\/wp\/v2\/types\/tnc_col_329_item"}],"replies":[{"embeddable":true,"href":"https:\/\/museuflorestal.ambiente.sp.gov.br\/acervo\/wp-json\/wp\/v2\/comments?post=10256"}],"version-history":[{"count":0,"href":"https:\/\/museuflorestal.ambiente.sp.gov.br\/acervo\/wp-json\/wp\/v2\/tnc_col_329_item\/10256\/revisions"}],"wp:featuredmedia":[{"embeddable":true,"href":"https:\/\/museuflorestal.ambiente.sp.gov.br\/acervo\/wp-json\/wp\/v2\/media\/10257"}],"wp:attachment":[{"href":"https:\/\/museuflorestal.ambiente.sp.gov.br\/acervo\/wp-json\/wp\/v2\/media?parent=10256"}],"curies":[{"name":"wp","href":"https:\/\/api.w.org\/{rel}","templated":true}]}}

<p>Borboleta de corpo marrom escuro, alongado e com manchas circulares brancas. Possui as asas bifurcadas e alongadas na parte superior. As bordas das asas possuem um listra marrom escuro, com manchas brancas circulares em toda a extensão. O centro da asa é em tom caramelo escuro, onde é possível ver as nervuras mais escuras, com manchas circulares brancas. Está suspensa e presa por um alfinete, fixado na parte central do seu corpo. De baixo da borboleta, há uma etiqueta retangular com bordas azuis, onde se lê o nome &#8220;Danais&#8221;, ao lado do símbolo de masculino, [nome científico], e a impressão &#8220;Collecção O. Vecchi &#8211; Loreto&#8221;.</p>
