{"id":10259,"date":"2021-11-30T20:53:24","date_gmt":"2021-11-30T22:53:24","guid":{"rendered":"https:\/\/museuflorestal.ambiente.sp.gov.br\/acervo\/?post_type=tnc_col_329_item&#038;p=10259"},"modified":"2021-11-30T20:53:26","modified_gmt":"2021-11-30T22:53:26","slug":"borboleta-danaus-plexippus-l-1758-feminina","status":"publish","type":"tnc_col_329_item","link":"https:\/\/museuflorestal.ambiente.sp.gov.br\/acervo\/museu-florestal-octavio-vecchi\/borboleta-danaus-plexippus-l-1758-feminina\/","title":{"rendered":"Borboleta Danaus plexippus (L., 1758) (feminina)"},"content":{"rendered":"<p>Borboleta de corpo marrom escuro, alongado e com manchas circulares brancas. Possui as asas bifurcadas e alongadas na parte superior. As bordas das asas possuem uma listra marrom escuro, com manchas brancas circulares em toda a extens\u00e3o. O centro \u00e9 em tom caramelo escuro, onde \u00e9 poss\u00edvel ver as nervuras mais escuras. Nas extremidades da parte superior das asas, h\u00e1 manchas amareladas. Est\u00e1 suspensa e presa por um alfinete, fixado na parte central do seu corpo. De baixo da borboleta, h\u00e1 uma etiqueta retangular com bordas azuis, onde se l\u00ea o nome &#8220;Danais&#8221;, ao lado do s\u00edmbolo de feminino, [nome cient\u00edfico], &#8220;Piza dt&#8221;, e a impress\u00e3o &#8220;Collec\u00e7\u00e3o O. Vecchi &#8211; Loreto&#8221;.<\/p>\n","protected":false},"featured_media":10260,"parent":0,"menu_order":0,"comment_status":"closed","ping_status":"closed","template":"","format":"standard","_links":{"self":[{"href":"https:\/\/museuflorestal.ambiente.sp.gov.br\/acervo\/wp-json\/wp\/v2\/tnc_col_329_item\/10259"}],"collection":[{"href":"https:\/\/museuflorestal.ambiente.sp.gov.br\/acervo\/wp-json\/wp\/v2\/tnc_col_329_item"}],"about":[{"href":"https:\/\/museuflorestal.ambiente.sp.gov.br\/acervo\/wp-json\/wp\/v2\/types\/tnc_col_329_item"}],"replies":[{"embeddable":true,"href":"https:\/\/museuflorestal.ambiente.sp.gov.br\/acervo\/wp-json\/wp\/v2\/comments?post=10259"}],"version-history":[{"count":0,"href":"https:\/\/museuflorestal.ambiente.sp.gov.br\/acervo\/wp-json\/wp\/v2\/tnc_col_329_item\/10259\/revisions"}],"wp:featuredmedia":[{"embeddable":true,"href":"https:\/\/museuflorestal.ambiente.sp.gov.br\/acervo\/wp-json\/wp\/v2\/media\/10260"}],"wp:attachment":[{"href":"https:\/\/museuflorestal.ambiente.sp.gov.br\/acervo\/wp-json\/wp\/v2\/media?parent=10259"}],"curies":[{"name":"wp","href":"https:\/\/api.w.org\/{rel}","templated":true}]}}

<p>Borboleta de corpo marrom escuro, alongado e com manchas circulares brancas. Possui as asas bifurcadas e alongadas na parte superior. As bordas das asas possuem uma listra marrom escuro, com manchas brancas circulares em toda a extensão. O centro é em tom caramelo escuro, onde é possível ver as nervuras mais escuras. Nas extremidades da parte superior das asas, há manchas amareladas. Está suspensa e presa por um alfinete, fixado na parte central do seu corpo. De baixo da borboleta, há uma etiqueta retangular com bordas azuis, onde se lê o nome &#8220;Danais&#8221;, ao lado do símbolo de feminino, [nome científico], &#8220;Piza dt&#8221;, e a impressão &#8220;Collecção O. Vecchi &#8211; Loreto&#8221;.</p>
