{"id":10261,"date":"2021-11-30T20:53:27","date_gmt":"2021-11-30T22:53:27","guid":{"rendered":"https:\/\/museuflorestal.ambiente.sp.gov.br\/acervo\/?post_type=tnc_col_329_item&#038;p=10261"},"modified":"2021-11-30T20:53:29","modified_gmt":"2021-11-30T22:53:29","slug":"borboleta-heraclides-thoas-brasiliensis-rot-jor-1906-feminina","status":"publish","type":"tnc_col_329_item","link":"https:\/\/museuflorestal.ambiente.sp.gov.br\/acervo\/museu-florestal-octavio-vecchi\/borboleta-heraclides-thoas-brasiliensis-rot-jor-1906-feminina\/","title":{"rendered":"Borboleta Heraclides thoas brasiliensis (Rot. &#8211; Jor, 1906) (feminina)"},"content":{"rendered":"<p>Borboleta de corpo marrom escuro e alongado, tendo a parte de tr\u00e1s com laterais claras. Possui as asas bifurcadas e alongadas na parte superior, com a parte inferior irregular e com duas extens\u00f5es. Nas extens\u00f5es h\u00e1 duas manchas em tom amarelo. As asas s\u00e3o marrom escuro, com manchas amarelas. Est\u00e1 suspensa e presa por um alfinete, fixado na parte central do seu corpo. De baixo da borboleta, h\u00e1 uma etiqueta retangular com bordas azuis, onde se l\u00ea o nome &#8220;Papilio&#8221;, ao lado do s\u00edmbolo feminino, [nome cient\u00edfico],&#8221;J. Cath &#8211; Piza olt, e a impress\u00e3o &#8220;Collec\u00e7\u00e3o O. Vecchi &#8211; Brasil&#8221;.<\/p>\n","protected":false},"featured_media":10262,"parent":0,"menu_order":0,"comment_status":"closed","ping_status":"closed","template":"","format":"standard","_links":{"self":[{"href":"https:\/\/museuflorestal.ambiente.sp.gov.br\/acervo\/wp-json\/wp\/v2\/tnc_col_329_item\/10261"}],"collection":[{"href":"https:\/\/museuflorestal.ambiente.sp.gov.br\/acervo\/wp-json\/wp\/v2\/tnc_col_329_item"}],"about":[{"href":"https:\/\/museuflorestal.ambiente.sp.gov.br\/acervo\/wp-json\/wp\/v2\/types\/tnc_col_329_item"}],"replies":[{"embeddable":true,"href":"https:\/\/museuflorestal.ambiente.sp.gov.br\/acervo\/wp-json\/wp\/v2\/comments?post=10261"}],"version-history":[{"count":0,"href":"https:\/\/museuflorestal.ambiente.sp.gov.br\/acervo\/wp-json\/wp\/v2\/tnc_col_329_item\/10261\/revisions"}],"wp:featuredmedia":[{"embeddable":true,"href":"https:\/\/museuflorestal.ambiente.sp.gov.br\/acervo\/wp-json\/wp\/v2\/media\/10262"}],"wp:attachment":[{"href":"https:\/\/museuflorestal.ambiente.sp.gov.br\/acervo\/wp-json\/wp\/v2\/media?parent=10261"}],"curies":[{"name":"wp","href":"https:\/\/api.w.org\/{rel}","templated":true}]}}

<p>Borboleta de corpo marrom escuro e alongado, tendo a parte de trás com laterais claras. Possui as asas bifurcadas e alongadas na parte superior, com a parte inferior irregular e com duas extensões. Nas extensões há duas manchas em tom amarelo. As asas são marrom escuro, com manchas amarelas. Está suspensa e presa por um alfinete, fixado na parte central do seu corpo. De baixo da borboleta, há uma etiqueta retangular com bordas azuis, onde se lê o nome &#8220;Papilio&#8221;, ao lado do símbolo feminino, [nome científico],&#8221;J. Cath &#8211; Piza olt, e a impressão &#8220;Collecção O. Vecchi &#8211; Brasil&#8221;.</p>
