{"id":10267,"date":"2021-11-30T20:53:34","date_gmt":"2021-11-30T22:53:34","guid":{"rendered":"https:\/\/museuflorestal.ambiente.sp.gov.br\/acervo\/?post_type=tnc_col_329_item&#038;p=10267"},"modified":"2021-11-30T20:53:36","modified_gmt":"2021-11-30T22:53:36","slug":"borboleta-heraclides-anchisiades-capys-hbn-1809-masculina","status":"publish","type":"tnc_col_329_item","link":"https:\/\/museuflorestal.ambiente.sp.gov.br\/acervo\/museu-florestal-octavio-vecchi\/borboleta-heraclides-anchisiades-capys-hbn-1809-masculina\/","title":{"rendered":"Borboleta Heraclides anchisiades capys (Hbn.,1809) (masculina)"},"content":{"rendered":"<p>Borboleta de corpo marrom escuro e alongado. Possui as asas bifurcadas e alongadas na parte superior, e a parte inferior irregular. Na parte inferior at\u00e9 o come\u00e7o da parte superior, a asa tem o tom marrom escuro e manchas ovais rosa no centro. O restante da asa da parte superior \u00e9 cinza amarronzado. Est\u00e1 suspensa e presa por um alfinete, fixado na parte central do seu corpo. De baixo da borboleta, h\u00e1 uma etiqueta retangular com bordas azuis, onde se l\u00ea o nome &#8220;Papilio&#8221;, ao lado do s\u00edmbolo masculino, [nome cient\u00edfico],&#8221;Piza dt&#8221;, e a impress\u00e3o &#8220;Collec\u00e7\u00e3o O. Vecchi &#8211; Brasil&#8221;.<\/p>\n","protected":false},"featured_media":10268,"parent":0,"menu_order":0,"comment_status":"closed","ping_status":"closed","template":"","format":"standard","_links":{"self":[{"href":"https:\/\/museuflorestal.ambiente.sp.gov.br\/acervo\/wp-json\/wp\/v2\/tnc_col_329_item\/10267"}],"collection":[{"href":"https:\/\/museuflorestal.ambiente.sp.gov.br\/acervo\/wp-json\/wp\/v2\/tnc_col_329_item"}],"about":[{"href":"https:\/\/museuflorestal.ambiente.sp.gov.br\/acervo\/wp-json\/wp\/v2\/types\/tnc_col_329_item"}],"replies":[{"embeddable":true,"href":"https:\/\/museuflorestal.ambiente.sp.gov.br\/acervo\/wp-json\/wp\/v2\/comments?post=10267"}],"version-history":[{"count":0,"href":"https:\/\/museuflorestal.ambiente.sp.gov.br\/acervo\/wp-json\/wp\/v2\/tnc_col_329_item\/10267\/revisions"}],"wp:featuredmedia":[{"embeddable":true,"href":"https:\/\/museuflorestal.ambiente.sp.gov.br\/acervo\/wp-json\/wp\/v2\/media\/10268"}],"wp:attachment":[{"href":"https:\/\/museuflorestal.ambiente.sp.gov.br\/acervo\/wp-json\/wp\/v2\/media?parent=10267"}],"curies":[{"name":"wp","href":"https:\/\/api.w.org\/{rel}","templated":true}]}}

<p>Borboleta de corpo marrom escuro e alongado. Possui as asas bifurcadas e alongadas na parte superior, e a parte inferior irregular. Na parte inferior até o começo da parte superior, a asa tem o tom marrom escuro e manchas ovais rosa no centro. O restante da asa da parte superior é cinza amarronzado. Está suspensa e presa por um alfinete, fixado na parte central do seu corpo. De baixo da borboleta, há uma etiqueta retangular com bordas azuis, onde se lê o nome &#8220;Papilio&#8221;, ao lado do símbolo masculino, [nome científico],&#8221;Piza dt&#8221;, e a impressão &#8220;Collecção O. Vecchi &#8211; Brasil&#8221;.</p>
