{"id":10270,"date":"2021-11-30T20:53:38","date_gmt":"2021-11-30T22:53:38","guid":{"rendered":"https:\/\/museuflorestal.ambiente.sp.gov.br\/acervo\/?post_type=tnc_col_329_item&#038;p=10270"},"modified":"2021-11-30T20:53:40","modified_gmt":"2021-11-30T22:53:40","slug":"borboleta-eurema","status":"publish","type":"tnc_col_329_item","link":"https:\/\/museuflorestal.ambiente.sp.gov.br\/acervo\/museu-florestal-octavio-vecchi\/borboleta-eurema\/","title":{"rendered":"Borboleta Eurema"},"content":{"rendered":"<p>Borboleta de corpo acinzentado e alongado. Possui as asas bifurcadas, com a parte superior alongada e a parte inferior em formato circular. As bordas das asas s\u00e3o em tom marrom escuro, e o centro amarelo na parte de cima e branco na parte de baixo. Est\u00e1 suspensa e presa por um alfinete, fixado na parte central do seu corpo. Ao lado da borboleta h\u00e1 duas etiquetas retangulares com bordas azuis. Em uma se l\u00ea &#8220;Eurema (elathea), Plataea Fldr, O. V. Loreto, Piza dt, Collec\u00e7\u00e3o O. Vecchi &#8211; Brasil&#8221;. A outra possui a inscri\u00e7\u00e3o &#8220;[nome n\u00e3o identificado] (elleathea), Plataea Fldr, O. V. Loreto &#8211; Piza dt, Collec\u00e7\u00e3o O. Vecchi &#8211; Loreto&#8221;.<\/p>\n","protected":false},"featured_media":10271,"parent":0,"menu_order":0,"comment_status":"closed","ping_status":"closed","template":"","format":"standard","_links":{"self":[{"href":"https:\/\/museuflorestal.ambiente.sp.gov.br\/acervo\/wp-json\/wp\/v2\/tnc_col_329_item\/10270"}],"collection":[{"href":"https:\/\/museuflorestal.ambiente.sp.gov.br\/acervo\/wp-json\/wp\/v2\/tnc_col_329_item"}],"about":[{"href":"https:\/\/museuflorestal.ambiente.sp.gov.br\/acervo\/wp-json\/wp\/v2\/types\/tnc_col_329_item"}],"replies":[{"embeddable":true,"href":"https:\/\/museuflorestal.ambiente.sp.gov.br\/acervo\/wp-json\/wp\/v2\/comments?post=10270"}],"version-history":[{"count":0,"href":"https:\/\/museuflorestal.ambiente.sp.gov.br\/acervo\/wp-json\/wp\/v2\/tnc_col_329_item\/10270\/revisions"}],"wp:featuredmedia":[{"embeddable":true,"href":"https:\/\/museuflorestal.ambiente.sp.gov.br\/acervo\/wp-json\/wp\/v2\/media\/10271"}],"wp:attachment":[{"href":"https:\/\/museuflorestal.ambiente.sp.gov.br\/acervo\/wp-json\/wp\/v2\/media?parent=10270"}],"curies":[{"name":"wp","href":"https:\/\/api.w.org\/{rel}","templated":true}]}}

<p>Borboleta de corpo acinzentado e alongado. Possui as asas bifurcadas, com a parte superior alongada e a parte inferior em formato circular. As bordas das asas são em tom marrom escuro, e o centro amarelo na parte de cima e branco na parte de baixo. Está suspensa e presa por um alfinete, fixado na parte central do seu corpo. Ao lado da borboleta há duas etiquetas retangulares com bordas azuis. Em uma se lê &#8220;Eurema (elathea), Plataea Fldr, O. V. Loreto, Piza dt, Collecção O. Vecchi &#8211; Brasil&#8221;. A outra possui a inscrição &#8220;[nome não identificado] (elleathea), Plataea Fldr, O. V. Loreto &#8211; Piza dt, Collecção O. Vecchi &#8211; Loreto&#8221;.</p>
