{"id":10274,"date":"2021-11-30T20:53:44","date_gmt":"2021-11-30T22:53:44","guid":{"rendered":"https:\/\/museuflorestal.ambiente.sp.gov.br\/acervo\/?post_type=tnc_col_329_item&#038;p=10274"},"modified":"2021-11-30T20:53:46","modified_gmt":"2021-11-30T22:53:46","slug":"borboleta-diaethria-candrena-godt-1824","status":"publish","type":"tnc_col_329_item","link":"https:\/\/museuflorestal.ambiente.sp.gov.br\/acervo\/museu-florestal-octavio-vecchi\/borboleta-diaethria-candrena-godt-1824\/","title":{"rendered":"Borboleta Diaethria candrena (Godt.,1824)"},"content":{"rendered":"<p>Borboleta de corpo escuro. Possui as asas bifurcadas, com a parte superior alongada e a parte inferior em formato circular. A asa \u00e9 de cor escura em toda sua extens\u00e3o, sendo azul as extremidades inferiores, e com listras brancas na parte de superior. Est\u00e1 suspensa e presa por um alfinete, fixado na parte central do seu corpo. De baixo da borboleta, h\u00e1 uma etiqueta retangular com bordas azuis, onde se l\u00ea o nome &#8220;Callicore&#8221;, [nome cient\u00edfico], &#8220;Piza dt&#8221;, e a impress\u00e3o &#8220;Collec\u00e7\u00e3o O. Vecchi &#8211; Brasil&#8221;.<\/p>\n","protected":false},"featured_media":10275,"parent":0,"menu_order":0,"comment_status":"closed","ping_status":"closed","template":"","format":"standard","_links":{"self":[{"href":"https:\/\/museuflorestal.ambiente.sp.gov.br\/acervo\/wp-json\/wp\/v2\/tnc_col_329_item\/10274"}],"collection":[{"href":"https:\/\/museuflorestal.ambiente.sp.gov.br\/acervo\/wp-json\/wp\/v2\/tnc_col_329_item"}],"about":[{"href":"https:\/\/museuflorestal.ambiente.sp.gov.br\/acervo\/wp-json\/wp\/v2\/types\/tnc_col_329_item"}],"replies":[{"embeddable":true,"href":"https:\/\/museuflorestal.ambiente.sp.gov.br\/acervo\/wp-json\/wp\/v2\/comments?post=10274"}],"version-history":[{"count":0,"href":"https:\/\/museuflorestal.ambiente.sp.gov.br\/acervo\/wp-json\/wp\/v2\/tnc_col_329_item\/10274\/revisions"}],"wp:featuredmedia":[{"embeddable":true,"href":"https:\/\/museuflorestal.ambiente.sp.gov.br\/acervo\/wp-json\/wp\/v2\/media\/10275"}],"wp:attachment":[{"href":"https:\/\/museuflorestal.ambiente.sp.gov.br\/acervo\/wp-json\/wp\/v2\/media?parent=10274"}],"curies":[{"name":"wp","href":"https:\/\/api.w.org\/{rel}","templated":true}]}}

<p>Borboleta de corpo escuro. Possui as asas bifurcadas, com a parte superior alongada e a parte inferior em formato circular. A asa é de cor escura em toda sua extensão, sendo azul as extremidades inferiores, e com listras brancas na parte de superior. Está suspensa e presa por um alfinete, fixado na parte central do seu corpo. De baixo da borboleta, há uma etiqueta retangular com bordas azuis, onde se lê o nome &#8220;Callicore&#8221;, [nome científico], &#8220;Piza dt&#8221;, e a impressão &#8220;Collecção O. Vecchi &#8211; Brasil&#8221;.</p>
