{"id":10276,"date":"2021-11-30T20:53:46","date_gmt":"2021-11-30T22:53:46","guid":{"rendered":"https:\/\/museuflorestal.ambiente.sp.gov.br\/acervo\/?post_type=tnc_col_329_item&#038;p=10276"},"modified":"2021-11-30T20:53:49","modified_gmt":"2021-11-30T22:53:49","slug":"borboleta-nao-identificada-2","status":"publish","type":"tnc_col_329_item","link":"https:\/\/museuflorestal.ambiente.sp.gov.br\/acervo\/museu-florestal-octavio-vecchi\/borboleta-nao-identificada-2\/","title":{"rendered":"Borboleta n\u00e3o identificada"},"content":{"rendered":"<p>Borboleta de corpo escuro. Possui as asas bifurcadas, com a parte superior alongada e a parte inferior em formato circular. A asa \u00e9 rajada em toda sua extens\u00e3o com tons escuros, laranja e vermelho. Est\u00e1 suspensa e presa por um alfinete, fixado na parte central do seu corpo. De baixo da borboleta, h\u00e1 uma etiqueta retangular com bordas azuis, com um nome apagado e ileg\u00edvel devido a proximidade com o objeto, [nome cient\u00edfico], &#8220;Piza dt&#8221;, o s\u00edmbolo de masculino, e a impress\u00e3o &#8220;Collec\u00e7\u00e3o O. Vecchi &#8211; Brasil&#8221;.<\/p>\n","protected":false},"featured_media":10277,"parent":0,"menu_order":0,"comment_status":"closed","ping_status":"closed","template":"","format":"standard","_links":{"self":[{"href":"https:\/\/museuflorestal.ambiente.sp.gov.br\/acervo\/wp-json\/wp\/v2\/tnc_col_329_item\/10276"}],"collection":[{"href":"https:\/\/museuflorestal.ambiente.sp.gov.br\/acervo\/wp-json\/wp\/v2\/tnc_col_329_item"}],"about":[{"href":"https:\/\/museuflorestal.ambiente.sp.gov.br\/acervo\/wp-json\/wp\/v2\/types\/tnc_col_329_item"}],"replies":[{"embeddable":true,"href":"https:\/\/museuflorestal.ambiente.sp.gov.br\/acervo\/wp-json\/wp\/v2\/comments?post=10276"}],"version-history":[{"count":0,"href":"https:\/\/museuflorestal.ambiente.sp.gov.br\/acervo\/wp-json\/wp\/v2\/tnc_col_329_item\/10276\/revisions"}],"wp:featuredmedia":[{"embeddable":true,"href":"https:\/\/museuflorestal.ambiente.sp.gov.br\/acervo\/wp-json\/wp\/v2\/media\/10277"}],"wp:attachment":[{"href":"https:\/\/museuflorestal.ambiente.sp.gov.br\/acervo\/wp-json\/wp\/v2\/media?parent=10276"}],"curies":[{"name":"wp","href":"https:\/\/api.w.org\/{rel}","templated":true}]}}

Borboleta não identificada

<p>Borboleta de corpo escuro. Possui as asas bifurcadas, com a parte superior alongada e a parte inferior em formato circular. A asa é rajada em toda sua extensão com tons escuros, laranja e vermelho. Está suspensa e presa por um alfinete, fixado na parte central do seu corpo. De baixo da borboleta, há uma etiqueta retangular com bordas azuis, com um nome apagado e ilegível devido a proximidade com o objeto, [nome científico], &#8220;Piza dt&#8221;, o símbolo de masculino, e a impressão &#8220;Collecção O. Vecchi &#8211; Brasil&#8221;.</p>
