{"id":10280,"date":"2021-11-30T20:53:51","date_gmt":"2021-11-30T22:53:51","guid":{"rendered":"https:\/\/museuflorestal.ambiente.sp.gov.br\/acervo\/?post_type=tnc_col_329_item&#038;p=10280"},"modified":"2021-11-30T20:53:53","modified_gmt":"2021-11-30T22:53:53","slug":"borboleta-eueides-aliphera-godt-1819","status":"publish","type":"tnc_col_329_item","link":"https:\/\/museuflorestal.ambiente.sp.gov.br\/acervo\/museu-florestal-octavio-vecchi\/borboleta-eueides-aliphera-godt-1819\/","title":{"rendered":"Borboleta Eueides aliphera (Godt., 1819)"},"content":{"rendered":"<p>Borboleta de corpo escuro e alongado, com as laterais inferiores mais claras. Possui as asas bifurcadas e alongadas, principalmente na parte superior. Nas bordas das asas h\u00e1 uma listra marrom em toda a sua extens\u00e3o. Na parte superior h\u00e1 outra listra marrom paralela, e na parte inferior, h\u00e1 v\u00e1rias listras menores perpendiculares, que correspondem as nervuras das asas. O restante da asa \u00e9 de cor laranja escuro. Est\u00e1 suspensa e presa por um alfinete, fixado na parte central do seu corpo. De baixo da borboleta, h\u00e1 uma etiqueta retangular com bordas azuis, onde se l\u00ea o nome &#8220;Euecdes&#8221;, o s\u00edmbolo de masculino, [nome cient\u00edfico], &#8220;O. V C. Alto Piza dt&#8221;, e a impress\u00e3o &#8220;Collec\u00e7\u00e3o O. Vecchi &#8211; Brasil&#8221;.<\/p>\n","protected":false},"featured_media":10281,"parent":0,"menu_order":0,"comment_status":"closed","ping_status":"closed","template":"","format":"standard","_links":{"self":[{"href":"https:\/\/museuflorestal.ambiente.sp.gov.br\/acervo\/wp-json\/wp\/v2\/tnc_col_329_item\/10280"}],"collection":[{"href":"https:\/\/museuflorestal.ambiente.sp.gov.br\/acervo\/wp-json\/wp\/v2\/tnc_col_329_item"}],"about":[{"href":"https:\/\/museuflorestal.ambiente.sp.gov.br\/acervo\/wp-json\/wp\/v2\/types\/tnc_col_329_item"}],"replies":[{"embeddable":true,"href":"https:\/\/museuflorestal.ambiente.sp.gov.br\/acervo\/wp-json\/wp\/v2\/comments?post=10280"}],"version-history":[{"count":0,"href":"https:\/\/museuflorestal.ambiente.sp.gov.br\/acervo\/wp-json\/wp\/v2\/tnc_col_329_item\/10280\/revisions"}],"wp:featuredmedia":[{"embeddable":true,"href":"https:\/\/museuflorestal.ambiente.sp.gov.br\/acervo\/wp-json\/wp\/v2\/media\/10281"}],"wp:attachment":[{"href":"https:\/\/museuflorestal.ambiente.sp.gov.br\/acervo\/wp-json\/wp\/v2\/media?parent=10280"}],"curies":[{"name":"wp","href":"https:\/\/api.w.org\/{rel}","templated":true}]}}

<p>Borboleta de corpo escuro e alongado, com as laterais inferiores mais claras. Possui as asas bifurcadas e alongadas, principalmente na parte superior. Nas bordas das asas há uma listra marrom em toda a sua extensão. Na parte superior há outra listra marrom paralela, e na parte inferior, há várias listras menores perpendiculares, que correspondem as nervuras das asas. O restante da asa é de cor laranja escuro. Está suspensa e presa por um alfinete, fixado na parte central do seu corpo. De baixo da borboleta, há uma etiqueta retangular com bordas azuis, onde se lê o nome &#8220;Euecdes&#8221;, o símbolo de masculino, [nome científico], &#8220;O. V C. Alto Piza dt&#8221;, e a impressão &#8220;Collecção O. Vecchi &#8211; Brasil&#8221;.</p>
