{"id":10286,"date":"2021-11-30T20:53:59","date_gmt":"2021-11-30T22:53:59","guid":{"rendered":"https:\/\/museuflorestal.ambiente.sp.gov.br\/acervo\/?post_type=tnc_col_329_item&#038;p=10286"},"modified":"2021-11-30T20:54:01","modified_gmt":"2021-11-30T22:54:01","slug":"borboleta-heliconius-sara-fabr-1793","status":"publish","type":"tnc_col_329_item","link":"https:\/\/museuflorestal.ambiente.sp.gov.br\/acervo\/museu-florestal-octavio-vecchi\/borboleta-heliconius-sara-fabr-1793\/","title":{"rendered":"Borboleta Heliconius sara (Fabr.,1793)"},"content":{"rendered":"<p>Borboleta de corpo escuro e alongado. Possui as asas bifurcadas e alongadas, principalmente na parte superior. As asas s\u00e3o predominantemente pretas, tendo duas manchas amarelas na parte superior, e duas manchas azuis no centro da parte inferior. Est\u00e1 suspensa e presa por um alfinete, fixado na parte central do seu corpo. De baixo da borboleta, h\u00e1 uma etiqueta retangular com bordas azuis, onde se l\u00ea o nome &#8220;Helicornius&#8221;, o s\u00edmbolo de masculino, [nome cient\u00edfico], &#8220;Piza dt&#8221;, e a impress\u00e3o &#8220;Collec\u00e7\u00e3o O. Vecchi &#8211; Brasil&#8221;.<\/p>\n","protected":false},"featured_media":10287,"parent":0,"menu_order":0,"comment_status":"closed","ping_status":"closed","template":"","format":"standard","_links":{"self":[{"href":"https:\/\/museuflorestal.ambiente.sp.gov.br\/acervo\/wp-json\/wp\/v2\/tnc_col_329_item\/10286"}],"collection":[{"href":"https:\/\/museuflorestal.ambiente.sp.gov.br\/acervo\/wp-json\/wp\/v2\/tnc_col_329_item"}],"about":[{"href":"https:\/\/museuflorestal.ambiente.sp.gov.br\/acervo\/wp-json\/wp\/v2\/types\/tnc_col_329_item"}],"replies":[{"embeddable":true,"href":"https:\/\/museuflorestal.ambiente.sp.gov.br\/acervo\/wp-json\/wp\/v2\/comments?post=10286"}],"version-history":[{"count":0,"href":"https:\/\/museuflorestal.ambiente.sp.gov.br\/acervo\/wp-json\/wp\/v2\/tnc_col_329_item\/10286\/revisions"}],"wp:featuredmedia":[{"embeddable":true,"href":"https:\/\/museuflorestal.ambiente.sp.gov.br\/acervo\/wp-json\/wp\/v2\/media\/10287"}],"wp:attachment":[{"href":"https:\/\/museuflorestal.ambiente.sp.gov.br\/acervo\/wp-json\/wp\/v2\/media?parent=10286"}],"curies":[{"name":"wp","href":"https:\/\/api.w.org\/{rel}","templated":true}]}}

<p>Borboleta de corpo escuro e alongado. Possui as asas bifurcadas e alongadas, principalmente na parte superior. As asas são predominantemente pretas, tendo duas manchas amarelas na parte superior, e duas manchas azuis no centro da parte inferior. Está suspensa e presa por um alfinete, fixado na parte central do seu corpo. De baixo da borboleta, há uma etiqueta retangular com bordas azuis, onde se lê o nome &#8220;Helicornius&#8221;, o símbolo de masculino, [nome científico], &#8220;Piza dt&#8221;, e a impressão &#8220;Collecção O. Vecchi &#8211; Brasil&#8221;.</p>
