{"id":10288,"date":"2021-11-30T20:54:02","date_gmt":"2021-11-30T22:54:02","guid":{"rendered":"https:\/\/museuflorestal.ambiente.sp.gov.br\/acervo\/?post_type=tnc_col_329_item&#038;p=10288"},"modified":"2021-11-30T20:54:05","modified_gmt":"2021-11-30T22:54:05","slug":"borboleta-dismorphia-amphione-astynome-dalman1823","status":"publish","type":"tnc_col_329_item","link":"https:\/\/museuflorestal.ambiente.sp.gov.br\/acervo\/museu-florestal-octavio-vecchi\/borboleta-dismorphia-amphione-astynome-dalman1823\/","title":{"rendered":"Borboleta Dismorphia amphione astynome (Dalman,1823)"},"content":{"rendered":"<p>Borboleta de corpo marrom escuro e alongado. Possui as asas bifurcadas, sendo a parte superior alongada e a parte inferior em formato oval. As asas s\u00e3o predominantemente marrom, com manchas amarelas e o centro laranja, na parte superior. A parte inferior possui borda marrom e manchas laranja e rosa. Est\u00e1 suspensa e presa por um alfinete, fixado na parte central do seu corpo. Pr\u00f3ximo \u00e0 borboleta, h\u00e1 uma etiqueta com bordas azuis onde se l\u00ea o nome &#8220;Dismorphia&#8221;, o s\u00edmbolo de masculino, [nome cient\u00edfico], &#8220;2 M. L. , Loreto, Piza dt. &#8220;, e a impress\u00e3o &#8220;Collec\u00e7\u00e3o O. Vecchi &#8211; Loreto&#8221;.<\/p>\n","protected":false},"featured_media":10289,"parent":0,"menu_order":0,"comment_status":"closed","ping_status":"closed","template":"","format":"standard","_links":{"self":[{"href":"https:\/\/museuflorestal.ambiente.sp.gov.br\/acervo\/wp-json\/wp\/v2\/tnc_col_329_item\/10288"}],"collection":[{"href":"https:\/\/museuflorestal.ambiente.sp.gov.br\/acervo\/wp-json\/wp\/v2\/tnc_col_329_item"}],"about":[{"href":"https:\/\/museuflorestal.ambiente.sp.gov.br\/acervo\/wp-json\/wp\/v2\/types\/tnc_col_329_item"}],"replies":[{"embeddable":true,"href":"https:\/\/museuflorestal.ambiente.sp.gov.br\/acervo\/wp-json\/wp\/v2\/comments?post=10288"}],"version-history":[{"count":0,"href":"https:\/\/museuflorestal.ambiente.sp.gov.br\/acervo\/wp-json\/wp\/v2\/tnc_col_329_item\/10288\/revisions"}],"wp:featuredmedia":[{"embeddable":true,"href":"https:\/\/museuflorestal.ambiente.sp.gov.br\/acervo\/wp-json\/wp\/v2\/media\/10289"}],"wp:attachment":[{"href":"https:\/\/museuflorestal.ambiente.sp.gov.br\/acervo\/wp-json\/wp\/v2\/media?parent=10288"}],"curies":[{"name":"wp","href":"https:\/\/api.w.org\/{rel}","templated":true}]}}

<p>Borboleta de corpo marrom escuro e alongado. Possui as asas bifurcadas, sendo a parte superior alongada e a parte inferior em formato oval. As asas são predominantemente marrom, com manchas amarelas e o centro laranja, na parte superior. A parte inferior possui borda marrom e manchas laranja e rosa. Está suspensa e presa por um alfinete, fixado na parte central do seu corpo. Próximo à borboleta, há uma etiqueta com bordas azuis onde se lê o nome &#8220;Dismorphia&#8221;, o símbolo de masculino, [nome científico], &#8220;2 M. L. , Loreto, Piza dt. &#8220;, e a impressão &#8220;Collecção O. Vecchi &#8211; Loreto&#8221;.</p>
