{"id":10290,"date":"2021-11-30T20:54:05","date_gmt":"2021-11-30T22:54:05","guid":{"rendered":"https:\/\/museuflorestal.ambiente.sp.gov.br\/acervo\/?post_type=tnc_col_329_item&#038;p=10290"},"modified":"2021-11-30T20:54:07","modified_gmt":"2021-11-30T22:54:07","slug":"borboleta-pyrame-hbn-1819","status":"publish","type":"tnc_col_329_item","link":"https:\/\/museuflorestal.ambiente.sp.gov.br\/acervo\/museu-florestal-octavio-vecchi\/borboleta-pyrame-hbn-1819\/","title":{"rendered":"Borboleta Pyrame (Hbn., 1819)"},"content":{"rendered":"<p>Borboleta de corpo marrom escuro. Possui as asas bifurcadas, sendo a parte superior alongada em formato triangular, e a parte inferior em formato arredondado. As asas possuem tons marrom e alaranjado. Est\u00e1 suspensa e presa por um alfinete, fixado na parte central do seu corpo. De baixo da borboleta, h\u00e1 uma etiqueta com bordas azuis onde se l\u00ea o nome &#8220;Haematera&#8221;, o s\u00edmbolo de masculino, [nome cient\u00edfico], [fam\u00edlia], &#8220;Piza dt. &#8220;, e a impress\u00e3o &#8220;Collec\u00e7\u00e3o O. Vecchi &#8211; Brasil&#8221;.<\/p>\n","protected":false},"featured_media":10291,"parent":0,"menu_order":0,"comment_status":"closed","ping_status":"closed","template":"","format":"standard","_links":{"self":[{"href":"https:\/\/museuflorestal.ambiente.sp.gov.br\/acervo\/wp-json\/wp\/v2\/tnc_col_329_item\/10290"}],"collection":[{"href":"https:\/\/museuflorestal.ambiente.sp.gov.br\/acervo\/wp-json\/wp\/v2\/tnc_col_329_item"}],"about":[{"href":"https:\/\/museuflorestal.ambiente.sp.gov.br\/acervo\/wp-json\/wp\/v2\/types\/tnc_col_329_item"}],"replies":[{"embeddable":true,"href":"https:\/\/museuflorestal.ambiente.sp.gov.br\/acervo\/wp-json\/wp\/v2\/comments?post=10290"}],"version-history":[{"count":0,"href":"https:\/\/museuflorestal.ambiente.sp.gov.br\/acervo\/wp-json\/wp\/v2\/tnc_col_329_item\/10290\/revisions"}],"wp:featuredmedia":[{"embeddable":true,"href":"https:\/\/museuflorestal.ambiente.sp.gov.br\/acervo\/wp-json\/wp\/v2\/media\/10291"}],"wp:attachment":[{"href":"https:\/\/museuflorestal.ambiente.sp.gov.br\/acervo\/wp-json\/wp\/v2\/media?parent=10290"}],"curies":[{"name":"wp","href":"https:\/\/api.w.org\/{rel}","templated":true}]}}

<p>Borboleta de corpo marrom escuro. Possui as asas bifurcadas, sendo a parte superior alongada em formato triangular, e a parte inferior em formato arredondado. As asas possuem tons marrom e alaranjado. Está suspensa e presa por um alfinete, fixado na parte central do seu corpo. De baixo da borboleta, há uma etiqueta com bordas azuis onde se lê o nome &#8220;Haematera&#8221;, o símbolo de masculino, [nome científico], [família], &#8220;Piza dt. &#8220;, e a impressão &#8220;Collecção O. Vecchi &#8211; Brasil&#8221;.</p>
