{"id":10292,"date":"2021-11-30T20:54:07","date_gmt":"2021-11-30T22:54:07","guid":{"rendered":"https:\/\/museuflorestal.ambiente.sp.gov.br\/acervo\/?post_type=tnc_col_329_item&#038;p=10292"},"modified":"2021-11-30T20:54:09","modified_gmt":"2021-11-30T22:54:09","slug":"borboleta-biblis-hyperia-cr-1779","status":"publish","type":"tnc_col_329_item","link":"https:\/\/museuflorestal.ambiente.sp.gov.br\/acervo\/museu-florestal-octavio-vecchi\/borboleta-biblis-hyperia-cr-1779\/","title":{"rendered":"Borboleta Biblis hyperia (Cr., 1779)"},"content":{"rendered":"<p>Borboleta de corpo marrom. Possui as asas bifurcadas, sendo a parte superior triangular, e a parte inferior arredondada e irregular. Na parte superior h\u00e1 tons de marrom e a borda \u00e9 marrom claro. A parte inferior \u00e9 marrom com borda laranja. Est\u00e1 suspensa e presa por um alfinete, fixado na parte central do seu corpo. De abaixo da borboleta, h\u00e1 uma etiqueta com bordas azuis onde se l\u00ea o nome &#8220;Didonis&#8221;, o s\u00edmbolo de masculino, [nome cient\u00edfico], [fam\u00edlia], &#8220;Piza dt. &#8220;, e a impress\u00e3o &#8220;Collec\u00e7\u00e3o O. Vecchi &#8211; Brasil&#8221;.<\/p>\n","protected":false},"featured_media":10293,"parent":0,"menu_order":0,"comment_status":"closed","ping_status":"closed","template":"","format":"standard","_links":{"self":[{"href":"https:\/\/museuflorestal.ambiente.sp.gov.br\/acervo\/wp-json\/wp\/v2\/tnc_col_329_item\/10292"}],"collection":[{"href":"https:\/\/museuflorestal.ambiente.sp.gov.br\/acervo\/wp-json\/wp\/v2\/tnc_col_329_item"}],"about":[{"href":"https:\/\/museuflorestal.ambiente.sp.gov.br\/acervo\/wp-json\/wp\/v2\/types\/tnc_col_329_item"}],"replies":[{"embeddable":true,"href":"https:\/\/museuflorestal.ambiente.sp.gov.br\/acervo\/wp-json\/wp\/v2\/comments?post=10292"}],"version-history":[{"count":0,"href":"https:\/\/museuflorestal.ambiente.sp.gov.br\/acervo\/wp-json\/wp\/v2\/tnc_col_329_item\/10292\/revisions"}],"wp:featuredmedia":[{"embeddable":true,"href":"https:\/\/museuflorestal.ambiente.sp.gov.br\/acervo\/wp-json\/wp\/v2\/media\/10293"}],"wp:attachment":[{"href":"https:\/\/museuflorestal.ambiente.sp.gov.br\/acervo\/wp-json\/wp\/v2\/media?parent=10292"}],"curies":[{"name":"wp","href":"https:\/\/api.w.org\/{rel}","templated":true}]}}

<p>Borboleta de corpo marrom. Possui as asas bifurcadas, sendo a parte superior triangular, e a parte inferior arredondada e irregular. Na parte superior há tons de marrom e a borda é marrom claro. A parte inferior é marrom com borda laranja. Está suspensa e presa por um alfinete, fixado na parte central do seu corpo. De abaixo da borboleta, há uma etiqueta com bordas azuis onde se lê o nome &#8220;Didonis&#8221;, o símbolo de masculino, [nome científico], [família], &#8220;Piza dt. &#8220;, e a impressão &#8220;Collecção O. Vecchi &#8211; Brasil&#8221;.</p>
