{"id":10294,"date":"2021-11-30T20:54:10","date_gmt":"2021-11-30T22:54:10","guid":{"rendered":"https:\/\/museuflorestal.ambiente.sp.gov.br\/acervo\/?post_type=tnc_col_329_item&#038;p=10294"},"modified":"2021-11-30T20:54:12","modified_gmt":"2021-11-30T22:54:12","slug":"borboleta-catonephele-acontius-l-1771","status":"publish","type":"tnc_col_329_item","link":"https:\/\/museuflorestal.ambiente.sp.gov.br\/acervo\/museu-florestal-octavio-vecchi\/borboleta-catonephele-acontius-l-1771\/","title":{"rendered":"Borboleta Catonephele acontius (L., 1771)"},"content":{"rendered":"<p>Borboleta de corpo marrom. Possui as asas bifurcadas, sendo a parte superior mais triangular e a parte inferior arredondada e irregular. As asas s\u00e3o marrons e possuem manchas redondas laranjas. Na parte inferior a borda \u00e9 esbranqui\u00e7ada. Est\u00e1 suspensa e presa por um alfinete, fixado na parte central do seu corpo. De baixo da borboleta, h\u00e1 uma etiqueta com bordas azuis onde se l\u00ea o nome &#8220;Catonephele&#8221;, o s\u00edmbolo de masculino, [nome cient\u00edfico], [fam\u00edlia], &#8220;O. V. , C. Alto, Piza dt. &#8220;, e a impress\u00e3o &#8220;Collec\u00e7\u00e3o O. Vecchi &#8211; Brasil&#8221;.<\/p>\n","protected":false},"featured_media":10295,"parent":0,"menu_order":0,"comment_status":"closed","ping_status":"closed","template":"","format":"standard","_links":{"self":[{"href":"https:\/\/museuflorestal.ambiente.sp.gov.br\/acervo\/wp-json\/wp\/v2\/tnc_col_329_item\/10294"}],"collection":[{"href":"https:\/\/museuflorestal.ambiente.sp.gov.br\/acervo\/wp-json\/wp\/v2\/tnc_col_329_item"}],"about":[{"href":"https:\/\/museuflorestal.ambiente.sp.gov.br\/acervo\/wp-json\/wp\/v2\/types\/tnc_col_329_item"}],"replies":[{"embeddable":true,"href":"https:\/\/museuflorestal.ambiente.sp.gov.br\/acervo\/wp-json\/wp\/v2\/comments?post=10294"}],"version-history":[{"count":0,"href":"https:\/\/museuflorestal.ambiente.sp.gov.br\/acervo\/wp-json\/wp\/v2\/tnc_col_329_item\/10294\/revisions"}],"wp:featuredmedia":[{"embeddable":true,"href":"https:\/\/museuflorestal.ambiente.sp.gov.br\/acervo\/wp-json\/wp\/v2\/media\/10295"}],"wp:attachment":[{"href":"https:\/\/museuflorestal.ambiente.sp.gov.br\/acervo\/wp-json\/wp\/v2\/media?parent=10294"}],"curies":[{"name":"wp","href":"https:\/\/api.w.org\/{rel}","templated":true}]}}

<p>Borboleta de corpo marrom. Possui as asas bifurcadas, sendo a parte superior mais triangular e a parte inferior arredondada e irregular. As asas são marrons e possuem manchas redondas laranjas. Na parte inferior a borda é esbranquiçada. Está suspensa e presa por um alfinete, fixado na parte central do seu corpo. De baixo da borboleta, há uma etiqueta com bordas azuis onde se lê o nome &#8220;Catonephele&#8221;, o símbolo de masculino, [nome científico], [família], &#8220;O. V. , C. Alto, Piza dt. &#8220;, e a impressão &#8220;Collecção O. Vecchi &#8211; Brasil&#8221;.</p>
