{"id":10300,"date":"2021-11-30T20:54:18","date_gmt":"2021-11-30T22:54:18","guid":{"rendered":"https:\/\/museuflorestal.ambiente.sp.gov.br\/acervo\/?post_type=tnc_col_329_item&#038;p=10300"},"modified":"2021-11-30T20:54:21","modified_gmt":"2021-11-30T22:54:21","slug":"borboleta-asterope-leprieuri-feist-1835","status":"publish","type":"tnc_col_329_item","link":"https:\/\/museuflorestal.ambiente.sp.gov.br\/acervo\/museu-florestal-octavio-vecchi\/borboleta-asterope-leprieuri-feist-1835\/","title":{"rendered":"Borboleta Asterope leprieuri (Feist., 1835)"},"content":{"rendered":"<p>Borboleta de corpo marrom. Possui as asas bifurcadas e arredondadas nas duas partes. Asas em tom marrom escuro, possuindo uma curva azul acinzentada pr\u00f3xima \u00e0 borda da asa superior, e um contorno da mesma cor na borda da asa inferior. Est\u00e1 suspensa e presa por um alfinete, fixado na parte central do seu corpo. De baixo da borboleta h\u00e1 uma etiqueta com bordas azuis onde se l\u00ea o nome &#8220;Callithea&#8221;, o s\u00edmbolo de feminino, [nome cient\u00edfico], &#8220;F. W. Obidus, Piza dt&#8221;, e a impress\u00e3o &#8220;Collec\u00e7\u00e3o O. Vecchi &#8211; Brasil&#8221;.<\/p>\n","protected":false},"featured_media":10301,"parent":0,"menu_order":0,"comment_status":"closed","ping_status":"closed","template":"","format":"standard","_links":{"self":[{"href":"https:\/\/museuflorestal.ambiente.sp.gov.br\/acervo\/wp-json\/wp\/v2\/tnc_col_329_item\/10300"}],"collection":[{"href":"https:\/\/museuflorestal.ambiente.sp.gov.br\/acervo\/wp-json\/wp\/v2\/tnc_col_329_item"}],"about":[{"href":"https:\/\/museuflorestal.ambiente.sp.gov.br\/acervo\/wp-json\/wp\/v2\/types\/tnc_col_329_item"}],"replies":[{"embeddable":true,"href":"https:\/\/museuflorestal.ambiente.sp.gov.br\/acervo\/wp-json\/wp\/v2\/comments?post=10300"}],"version-history":[{"count":0,"href":"https:\/\/museuflorestal.ambiente.sp.gov.br\/acervo\/wp-json\/wp\/v2\/tnc_col_329_item\/10300\/revisions"}],"wp:featuredmedia":[{"embeddable":true,"href":"https:\/\/museuflorestal.ambiente.sp.gov.br\/acervo\/wp-json\/wp\/v2\/media\/10301"}],"wp:attachment":[{"href":"https:\/\/museuflorestal.ambiente.sp.gov.br\/acervo\/wp-json\/wp\/v2\/media?parent=10300"}],"curies":[{"name":"wp","href":"https:\/\/api.w.org\/{rel}","templated":true}]}}

<p>Borboleta de corpo marrom. Possui as asas bifurcadas e arredondadas nas duas partes. Asas em tom marrom escuro, possuindo uma curva azul acinzentada próxima à borda da asa superior, e um contorno da mesma cor na borda da asa inferior. Está suspensa e presa por um alfinete, fixado na parte central do seu corpo. De baixo da borboleta há uma etiqueta com bordas azuis onde se lê o nome &#8220;Callithea&#8221;, o símbolo de feminino, [nome científico], &#8220;F. W. Obidus, Piza dt&#8221;, e a impressão &#8220;Collecção O. Vecchi &#8211; Brasil&#8221;.</p>
