{"id":10303,"date":"2021-11-30T20:54:23","date_gmt":"2021-11-30T22:54:23","guid":{"rendered":"https:\/\/museuflorestal.ambiente.sp.gov.br\/acervo\/?post_type=tnc_col_329_item&#038;p=10303"},"modified":"2021-11-30T20:54:26","modified_gmt":"2021-11-30T22:54:26","slug":"borboleta-hamadryas-velutina-bates-1865","status":"publish","type":"tnc_col_329_item","link":"https:\/\/museuflorestal.ambiente.sp.gov.br\/acervo\/museu-florestal-octavio-vecchi\/borboleta-hamadryas-velutina-bates-1865\/","title":{"rendered":"Borboleta Hamadryas velutina (Bates, 1865)"},"content":{"rendered":"<p>Borboleta de corpo marrom e manchas redondas azul claro. Possui as asas bifurcadas, arredondadas, em tom de azul aveludado com manchas marrons, e manchas azul claro em todo corpo. Est\u00e1 suspensa e presa por um alfinete, fixado na parte central do seu corpo. De baixo da borboleta h\u00e1 uma etiqueta com bordas azuis onde se l\u00ea o nome &#8220;Geronia&#8221;, o s\u00edmbolo de masculino, [nome cient\u00edfico], &#8220;Piza dt&#8221;, e a impress\u00e3o &#8220;Collec\u00e7\u00e3o O. Vecchi &#8211; Loreto&#8221;.<\/p>\n","protected":false},"featured_media":10304,"parent":0,"menu_order":0,"comment_status":"closed","ping_status":"closed","template":"","format":"standard","_links":{"self":[{"href":"https:\/\/museuflorestal.ambiente.sp.gov.br\/acervo\/wp-json\/wp\/v2\/tnc_col_329_item\/10303"}],"collection":[{"href":"https:\/\/museuflorestal.ambiente.sp.gov.br\/acervo\/wp-json\/wp\/v2\/tnc_col_329_item"}],"about":[{"href":"https:\/\/museuflorestal.ambiente.sp.gov.br\/acervo\/wp-json\/wp\/v2\/types\/tnc_col_329_item"}],"replies":[{"embeddable":true,"href":"https:\/\/museuflorestal.ambiente.sp.gov.br\/acervo\/wp-json\/wp\/v2\/comments?post=10303"}],"version-history":[{"count":0,"href":"https:\/\/museuflorestal.ambiente.sp.gov.br\/acervo\/wp-json\/wp\/v2\/tnc_col_329_item\/10303\/revisions"}],"wp:featuredmedia":[{"embeddable":true,"href":"https:\/\/museuflorestal.ambiente.sp.gov.br\/acervo\/wp-json\/wp\/v2\/media\/10304"}],"wp:attachment":[{"href":"https:\/\/museuflorestal.ambiente.sp.gov.br\/acervo\/wp-json\/wp\/v2\/media?parent=10303"}],"curies":[{"name":"wp","href":"https:\/\/api.w.org\/{rel}","templated":true}]}}

<p>Borboleta de corpo marrom e manchas redondas azul claro. Possui as asas bifurcadas, arredondadas, em tom de azul aveludado com manchas marrons, e manchas azul claro em todo corpo. Está suspensa e presa por um alfinete, fixado na parte central do seu corpo. De baixo da borboleta há uma etiqueta com bordas azuis onde se lê o nome &#8220;Geronia&#8221;, o símbolo de masculino, [nome científico], &#8220;Piza dt&#8221;, e a impressão &#8220;Collecção O. Vecchi &#8211; Loreto&#8221;.</p>
