{"id":10305,"date":"2021-11-30T20:54:26","date_gmt":"2021-11-30T22:54:26","guid":{"rendered":"https:\/\/museuflorestal.ambiente.sp.gov.br\/acervo\/?post_type=tnc_col_329_item&#038;p=10305"},"modified":"2021-11-30T20:54:29","modified_gmt":"2021-11-30T22:54:29","slug":"borboleta-morpho-aega-hbn-1822","status":"publish","type":"tnc_col_329_item","link":"https:\/\/museuflorestal.ambiente.sp.gov.br\/acervo\/museu-florestal-octavio-vecchi\/borboleta-morpho-aega-hbn-1822\/","title":{"rendered":"Borboleta Morpho aega (Hbn., 1822)"},"content":{"rendered":"<p>Borboleta de corpo marrom. Possui as asas bifurcadas, sendo a parte superior e inferior em formato triangular. As asas possuem colora\u00e7\u00e3o marrom, por\u00e9m, de acordo com a luz, produzem um brilho violeta e azul. Est\u00e1 suspensa e presa por um alfinete, fixado na parte central do seu corpo. Embaixo h\u00e1 uma etiqueta com a data &#8220;8\/4\/68 Mogi das Cruzes&#8221;, e uma outra etiqueta ileg\u00edvel, identificando o n\u00famero &#8220;33&#8221;. De baixo da borboleta, h\u00e1 uma etiqueta com bordas azuis onde se l\u00ea o nome &#8220;Mopho&#8221;, o s\u00edmbolo de masculino, [nome cient\u00edfico], &#8220;Piza dt&#8221;, e a impress\u00e3o &#8220;Collec\u00e7\u00e3o O. Vecchi &#8211; Brasil&#8221;.<\/p>\n","protected":false},"featured_media":10306,"parent":0,"menu_order":0,"comment_status":"closed","ping_status":"closed","template":"","format":"standard","_links":{"self":[{"href":"https:\/\/museuflorestal.ambiente.sp.gov.br\/acervo\/wp-json\/wp\/v2\/tnc_col_329_item\/10305"}],"collection":[{"href":"https:\/\/museuflorestal.ambiente.sp.gov.br\/acervo\/wp-json\/wp\/v2\/tnc_col_329_item"}],"about":[{"href":"https:\/\/museuflorestal.ambiente.sp.gov.br\/acervo\/wp-json\/wp\/v2\/types\/tnc_col_329_item"}],"replies":[{"embeddable":true,"href":"https:\/\/museuflorestal.ambiente.sp.gov.br\/acervo\/wp-json\/wp\/v2\/comments?post=10305"}],"version-history":[{"count":0,"href":"https:\/\/museuflorestal.ambiente.sp.gov.br\/acervo\/wp-json\/wp\/v2\/tnc_col_329_item\/10305\/revisions"}],"wp:featuredmedia":[{"embeddable":true,"href":"https:\/\/museuflorestal.ambiente.sp.gov.br\/acervo\/wp-json\/wp\/v2\/media\/10306"}],"wp:attachment":[{"href":"https:\/\/museuflorestal.ambiente.sp.gov.br\/acervo\/wp-json\/wp\/v2\/media?parent=10305"}],"curies":[{"name":"wp","href":"https:\/\/api.w.org\/{rel}","templated":true}]}}

<p>Borboleta de corpo marrom. Possui as asas bifurcadas, sendo a parte superior e inferior em formato triangular. As asas possuem coloração marrom, porém, de acordo com a luz, produzem um brilho violeta e azul. Está suspensa e presa por um alfinete, fixado na parte central do seu corpo. Embaixo há uma etiqueta com a data &#8220;8/4/68 Mogi das Cruzes&#8221;, e uma outra etiqueta ilegível, identificando o número &#8220;33&#8221;. De baixo da borboleta, há uma etiqueta com bordas azuis onde se lê o nome &#8220;Mopho&#8221;, o símbolo de masculino, [nome científico], &#8220;Piza dt&#8221;, e a impressão &#8220;Collecção O. Vecchi &#8211; Brasil&#8221;.</p>
