{"id":10307,"date":"2021-11-30T20:54:29","date_gmt":"2021-11-30T22:54:29","guid":{"rendered":"https:\/\/museuflorestal.ambiente.sp.gov.br\/acervo\/?post_type=tnc_col_329_item&#038;p=10307"},"modified":"2021-11-30T20:54:32","modified_gmt":"2021-11-30T22:54:32","slug":"borboleta-caligo-illioneus-cr-1775","status":"publish","type":"tnc_col_329_item","link":"https:\/\/museuflorestal.ambiente.sp.gov.br\/acervo\/museu-florestal-octavio-vecchi\/borboleta-caligo-illioneus-cr-1775\/","title":{"rendered":"Borboleta Caligo illioneus (Cr., 1775)"},"content":{"rendered":"<p>Borboleta de corpo marrom. Possui as asas bifurcadas, sendo a parte superior alongada e a parte inferior arredondada e irregular. Toda a asa \u00e9 rajada com tons marrons e beges, possui duas manchas circulares grandes, com o centro preto e as borda bege, o que faz com que a borboleta pare\u00e7a uma coruja. A borboleta foi fixada com o ventre para cima, est\u00e1 suspensa e presa por um alfinete. De baixo da borboleta h\u00e1 uma etiqueta com bordas azuis, onde se l\u00ea o nome &#8220;Caligo&#8221;, o s\u00edmbolo de masculino, [nome cient\u00edfico], [fam\u00edlia] e &#8220;Piza dt&#8221;.<\/p>\n","protected":false},"featured_media":10308,"parent":0,"menu_order":0,"comment_status":"closed","ping_status":"closed","template":"","format":"standard","_links":{"self":[{"href":"https:\/\/museuflorestal.ambiente.sp.gov.br\/acervo\/wp-json\/wp\/v2\/tnc_col_329_item\/10307"}],"collection":[{"href":"https:\/\/museuflorestal.ambiente.sp.gov.br\/acervo\/wp-json\/wp\/v2\/tnc_col_329_item"}],"about":[{"href":"https:\/\/museuflorestal.ambiente.sp.gov.br\/acervo\/wp-json\/wp\/v2\/types\/tnc_col_329_item"}],"replies":[{"embeddable":true,"href":"https:\/\/museuflorestal.ambiente.sp.gov.br\/acervo\/wp-json\/wp\/v2\/comments?post=10307"}],"version-history":[{"count":0,"href":"https:\/\/museuflorestal.ambiente.sp.gov.br\/acervo\/wp-json\/wp\/v2\/tnc_col_329_item\/10307\/revisions"}],"wp:featuredmedia":[{"embeddable":true,"href":"https:\/\/museuflorestal.ambiente.sp.gov.br\/acervo\/wp-json\/wp\/v2\/media\/10308"}],"wp:attachment":[{"href":"https:\/\/museuflorestal.ambiente.sp.gov.br\/acervo\/wp-json\/wp\/v2\/media?parent=10307"}],"curies":[{"name":"wp","href":"https:\/\/api.w.org\/{rel}","templated":true}]}}

<p>Borboleta de corpo marrom. Possui as asas bifurcadas, sendo a parte superior alongada e a parte inferior arredondada e irregular. Toda a asa é rajada com tons marrons e beges, possui duas manchas circulares grandes, com o centro preto e as borda bege, o que faz com que a borboleta pareça uma coruja. A borboleta foi fixada com o ventre para cima, está suspensa e presa por um alfinete. De baixo da borboleta há uma etiqueta com bordas azuis, onde se lê o nome &#8220;Caligo&#8221;, o símbolo de masculino, [nome científico], [família] e &#8220;Piza dt&#8221;.</p>
