{"id":10309,"date":"2021-11-30T20:54:32","date_gmt":"2021-11-30T22:54:32","guid":{"rendered":"https:\/\/museuflorestal.ambiente.sp.gov.br\/acervo\/?post_type=tnc_col_329_item&#038;p=10309"},"modified":"2021-11-30T20:54:34","modified_gmt":"2021-11-30T22:54:34","slug":"borboleta-caligo-illioneus-cr-1775-2","status":"publish","type":"tnc_col_329_item","link":"https:\/\/museuflorestal.ambiente.sp.gov.br\/acervo\/museu-florestal-octavio-vecchi\/borboleta-caligo-illioneus-cr-1775-2\/","title":{"rendered":"Borboleta Caligo illioneus (Cr., 1775)"},"content":{"rendered":"<p>Borboleta de corpo marrom. Possui as asas bifurcadas, sendo a parte superior alongada, e a parte inferior arredondada e irregular. A asa superior possui partes rajadas de cor marrom e bege, e a parte inferior, na cor marrom. As asas inferiores possuem manchas circulares grandes, com o centro preto e borda bege, fazendo com que a borboleta se pare\u00e7a com uma coruja. Est\u00e1 suspensa e presa por um alfinete, fixado na parte central do seu corpo. De baixo da borboleta h\u00e1 uma etiqueta com bordas azuis onde se l\u00ea o nome &#8220;Caligo&#8221;, o s\u00edmbolo de feminino, [nome cient\u00edfico], [fam\u00edlia], &#8220;Piza dt&#8221;.<\/p>\n","protected":false},"featured_media":10310,"parent":0,"menu_order":0,"comment_status":"closed","ping_status":"closed","template":"","format":"standard","_links":{"self":[{"href":"https:\/\/museuflorestal.ambiente.sp.gov.br\/acervo\/wp-json\/wp\/v2\/tnc_col_329_item\/10309"}],"collection":[{"href":"https:\/\/museuflorestal.ambiente.sp.gov.br\/acervo\/wp-json\/wp\/v2\/tnc_col_329_item"}],"about":[{"href":"https:\/\/museuflorestal.ambiente.sp.gov.br\/acervo\/wp-json\/wp\/v2\/types\/tnc_col_329_item"}],"replies":[{"embeddable":true,"href":"https:\/\/museuflorestal.ambiente.sp.gov.br\/acervo\/wp-json\/wp\/v2\/comments?post=10309"}],"version-history":[{"count":0,"href":"https:\/\/museuflorestal.ambiente.sp.gov.br\/acervo\/wp-json\/wp\/v2\/tnc_col_329_item\/10309\/revisions"}],"wp:featuredmedia":[{"embeddable":true,"href":"https:\/\/museuflorestal.ambiente.sp.gov.br\/acervo\/wp-json\/wp\/v2\/media\/10310"}],"wp:attachment":[{"href":"https:\/\/museuflorestal.ambiente.sp.gov.br\/acervo\/wp-json\/wp\/v2\/media?parent=10309"}],"curies":[{"name":"wp","href":"https:\/\/api.w.org\/{rel}","templated":true}]}}

<p>Borboleta de corpo marrom. Possui as asas bifurcadas, sendo a parte superior alongada, e a parte inferior arredondada e irregular. A asa superior possui partes rajadas de cor marrom e bege, e a parte inferior, na cor marrom. As asas inferiores possuem manchas circulares grandes, com o centro preto e borda bege, fazendo com que a borboleta se pareça com uma coruja. Está suspensa e presa por um alfinete, fixado na parte central do seu corpo. De baixo da borboleta há uma etiqueta com bordas azuis onde se lê o nome &#8220;Caligo&#8221;, o símbolo de feminino, [nome científico], [família], &#8220;Piza dt&#8221;.</p>
