{"id":10312,"date":"2021-11-30T20:54:36","date_gmt":"2021-11-30T22:54:36","guid":{"rendered":"https:\/\/museuflorestal.ambiente.sp.gov.br\/acervo\/?post_type=tnc_col_329_item&#038;p=10312"},"modified":"2021-11-30T20:54:38","modified_gmt":"2021-11-30T22:54:38","slug":"borboleta-pierella-nereis-drury-1782","status":"publish","type":"tnc_col_329_item","link":"https:\/\/museuflorestal.ambiente.sp.gov.br\/acervo\/museu-florestal-octavio-vecchi\/borboleta-pierella-nereis-drury-1782\/","title":{"rendered":"Borboleta Pierella nereis (Drury, 1782)"},"content":{"rendered":"<p>Borboleta de corpo marrom. Possui asas bifurcadas, sendo a asa superior oval, e a inferior arredondada e irregular. As asas s\u00e3o em tom de marrom transl\u00facido. A asa superior possui um risco quase vertical, de cor esbranqui\u00e7ada e transl\u00facida. A asa inferior possui manchas branca e laranja, as bordas marrom escuro, e duas manchas circulares pretas com um ponto branco no centro. Est\u00e1 suspensa e presa por um alfinete, fixado na parte central do seu corpo. De baixo da borboleta h\u00e1 uma etiqueta com bordas azuis onde se l\u00ea o nome &#8220;Gierella&#8221;, o s\u00edmbolo de feminino, [nome cient\u00edfico], &#8220;Piza dt&#8221;, e a impress\u00e3o &#8220;Collec\u00e7\u00e3o O. Vecchi &#8211; Brasil&#8221;.<\/p>\n","protected":false},"featured_media":10313,"parent":0,"menu_order":0,"comment_status":"closed","ping_status":"closed","template":"","format":"standard","_links":{"self":[{"href":"https:\/\/museuflorestal.ambiente.sp.gov.br\/acervo\/wp-json\/wp\/v2\/tnc_col_329_item\/10312"}],"collection":[{"href":"https:\/\/museuflorestal.ambiente.sp.gov.br\/acervo\/wp-json\/wp\/v2\/tnc_col_329_item"}],"about":[{"href":"https:\/\/museuflorestal.ambiente.sp.gov.br\/acervo\/wp-json\/wp\/v2\/types\/tnc_col_329_item"}],"replies":[{"embeddable":true,"href":"https:\/\/museuflorestal.ambiente.sp.gov.br\/acervo\/wp-json\/wp\/v2\/comments?post=10312"}],"version-history":[{"count":0,"href":"https:\/\/museuflorestal.ambiente.sp.gov.br\/acervo\/wp-json\/wp\/v2\/tnc_col_329_item\/10312\/revisions"}],"wp:featuredmedia":[{"embeddable":true,"href":"https:\/\/museuflorestal.ambiente.sp.gov.br\/acervo\/wp-json\/wp\/v2\/media\/10313"}],"wp:attachment":[{"href":"https:\/\/museuflorestal.ambiente.sp.gov.br\/acervo\/wp-json\/wp\/v2\/media?parent=10312"}],"curies":[{"name":"wp","href":"https:\/\/api.w.org\/{rel}","templated":true}]}}

<p>Borboleta de corpo marrom. Possui asas bifurcadas, sendo a asa superior oval, e a inferior arredondada e irregular. As asas são em tom de marrom translúcido. A asa superior possui um risco quase vertical, de cor esbranquiçada e translúcida. A asa inferior possui manchas branca e laranja, as bordas marrom escuro, e duas manchas circulares pretas com um ponto branco no centro. Está suspensa e presa por um alfinete, fixado na parte central do seu corpo. De baixo da borboleta há uma etiqueta com bordas azuis onde se lê o nome &#8220;Gierella&#8221;, o símbolo de feminino, [nome científico], &#8220;Piza dt&#8221;, e a impressão &#8220;Collecção O. Vecchi &#8211; Brasil&#8221;.</p>
