{"id":10315,"date":"2021-11-30T20:54:39","date_gmt":"2021-11-30T22:54:39","guid":{"rendered":"https:\/\/museuflorestal.ambiente.sp.gov.br\/acervo\/?post_type=tnc_col_329_item&#038;p=10315"},"modified":"2021-11-30T20:54:41","modified_gmt":"2021-11-30T22:54:41","slug":"borboleta-eryphanis-reevesii-dbldy-1849","status":"publish","type":"tnc_col_329_item","link":"https:\/\/museuflorestal.ambiente.sp.gov.br\/acervo\/museu-florestal-octavio-vecchi\/borboleta-eryphanis-reevesii-dbldy-1849\/","title":{"rendered":"Borboleta Eryphanis reevesii (Dbldy., 1849)"},"content":{"rendered":"<p>Borboleta com o corpo marrom. Possui as asas bifurcadas, sendo as partes superior e inferior triangulares, n\u00e3o sim\u00e9tricas. As asas s\u00e3o de tonalidade violeta, marrom e bege, possuindo rajado bege nas extremidades superiores. Est\u00e1 suspensa e presa por um alfinete, fixado na parte central do seu corpo. H\u00e1 uma etiqueta com bordas picotadas com a data &#8220;11\/1934&#8221; e escrita n\u00e3o identificada. De baixo da borboleta, h\u00e1 uma etiqueta com bordas azuis onde se l\u00ea o nome &#8220;Eryphanes&#8221;, o s\u00edmbolo de feminino, [nome cient\u00edfico], [fam\u00edlia], e impress\u00e3o &#8220;Collec\u00e7\u00e3o O. Vecchi &#8211; Loreto&#8221;.<\/p>\n","protected":false},"featured_media":10316,"parent":0,"menu_order":0,"comment_status":"closed","ping_status":"closed","template":"","format":"standard","_links":{"self":[{"href":"https:\/\/museuflorestal.ambiente.sp.gov.br\/acervo\/wp-json\/wp\/v2\/tnc_col_329_item\/10315"}],"collection":[{"href":"https:\/\/museuflorestal.ambiente.sp.gov.br\/acervo\/wp-json\/wp\/v2\/tnc_col_329_item"}],"about":[{"href":"https:\/\/museuflorestal.ambiente.sp.gov.br\/acervo\/wp-json\/wp\/v2\/types\/tnc_col_329_item"}],"replies":[{"embeddable":true,"href":"https:\/\/museuflorestal.ambiente.sp.gov.br\/acervo\/wp-json\/wp\/v2\/comments?post=10315"}],"version-history":[{"count":0,"href":"https:\/\/museuflorestal.ambiente.sp.gov.br\/acervo\/wp-json\/wp\/v2\/tnc_col_329_item\/10315\/revisions"}],"wp:featuredmedia":[{"embeddable":true,"href":"https:\/\/museuflorestal.ambiente.sp.gov.br\/acervo\/wp-json\/wp\/v2\/media\/10316"}],"wp:attachment":[{"href":"https:\/\/museuflorestal.ambiente.sp.gov.br\/acervo\/wp-json\/wp\/v2\/media?parent=10315"}],"curies":[{"name":"wp","href":"https:\/\/api.w.org\/{rel}","templated":true}]}}

<p>Borboleta com o corpo marrom. Possui as asas bifurcadas, sendo as partes superior e inferior triangulares, não simétricas. As asas são de tonalidade violeta, marrom e bege, possuindo rajado bege nas extremidades superiores. Está suspensa e presa por um alfinete, fixado na parte central do seu corpo. Há uma etiqueta com bordas picotadas com a data &#8220;11/1934&#8221; e escrita não identificada. De baixo da borboleta, há uma etiqueta com bordas azuis onde se lê o nome &#8220;Eryphanes&#8221;, o símbolo de feminino, [nome científico], [família], e impressão &#8220;Collecção O. Vecchi &#8211; Loreto&#8221;.</p>
