{"id":10462,"date":"2021-11-30T20:58:45","date_gmt":"2021-11-30T22:58:45","guid":{"rendered":"https:\/\/museuflorestal.ambiente.sp.gov.br\/acervo\/?post_type=tnc_col_329_item&#038;p=10462"},"modified":"2021-11-30T20:58:48","modified_gmt":"2021-11-30T22:58:48","slug":"copo-de-madeira-2","status":"publish","type":"tnc_col_329_item","link":"https:\/\/museuflorestal.ambiente.sp.gov.br\/acervo\/museu-florestal-octavio-vecchi\/copo-de-madeira-2\/","title":{"rendered":"Copo de madeira"},"content":{"rendered":"<p>Copo de madeira em marchetaria. Possui dois tons de madeira, bordas viradas para fora, e base com acabamento torneado, em segmentos. Na parte posterior h\u00e1 uma depress\u00e3o circular no centro, etiqueta com a inscri\u00e7\u00e3o &#8220;OB-56&#8243; e inscri\u00e7\u00e3o \u00e0 caneta&#8221;OB-56&#8221;.<\/p>\n","protected":false},"featured_media":10463,"parent":0,"menu_order":0,"comment_status":"closed","ping_status":"closed","template":"","format":"standard","_links":{"self":[{"href":"https:\/\/museuflorestal.ambiente.sp.gov.br\/acervo\/wp-json\/wp\/v2\/tnc_col_329_item\/10462"}],"collection":[{"href":"https:\/\/museuflorestal.ambiente.sp.gov.br\/acervo\/wp-json\/wp\/v2\/tnc_col_329_item"}],"about":[{"href":"https:\/\/museuflorestal.ambiente.sp.gov.br\/acervo\/wp-json\/wp\/v2\/types\/tnc_col_329_item"}],"replies":[{"embeddable":true,"href":"https:\/\/museuflorestal.ambiente.sp.gov.br\/acervo\/wp-json\/wp\/v2\/comments?post=10462"}],"version-history":[{"count":0,"href":"https:\/\/museuflorestal.ambiente.sp.gov.br\/acervo\/wp-json\/wp\/v2\/tnc_col_329_item\/10462\/revisions"}],"wp:featuredmedia":[{"embeddable":true,"href":"https:\/\/museuflorestal.ambiente.sp.gov.br\/acervo\/wp-json\/wp\/v2\/media\/10463"}],"wp:attachment":[{"href":"https:\/\/museuflorestal.ambiente.sp.gov.br\/acervo\/wp-json\/wp\/v2\/media?parent=10462"}],"curies":[{"name":"wp","href":"https:\/\/api.w.org\/{rel}","templated":true}]}}

<p>Copo de madeira em marchetaria. Possui dois tons de madeira, bordas viradas para fora, e base com acabamento torneado, em segmentos. Na parte posterior há uma depressão circular no centro, etiqueta com a inscrição &#8220;OB-56&#8243; e inscrição à caneta&#8221;OB-56&#8221;.</p>
