{"id":10488,"date":"2021-11-30T20:59:31","date_gmt":"2021-11-30T22:59:31","guid":{"rendered":"https:\/\/museuflorestal.ambiente.sp.gov.br\/acervo\/?post_type=tnc_col_329_item&#038;p=10488"},"modified":"2021-11-30T20:59:34","modified_gmt":"2021-11-30T22:59:34","slug":"acucareiro","status":"publish","type":"tnc_col_329_item","link":"https:\/\/museuflorestal.ambiente.sp.gov.br\/acervo\/museu-florestal-octavio-vecchi\/acucareiro\/","title":{"rendered":"A\u00e7ucareiro"},"content":{"rendered":"<p>Pote com tampa e colher de madeira, na cor natural da madeira. O pote \u00e9 redondo, de corpo abaulado, em dois tons de madeira seguindo o mesmo padr\u00e3o por todo o objeto, e com corte na borda. Na parte posterior do pote h\u00e1 a inscri\u00e7\u00e3o \u00e0 caneta azul &#8220;OB-62&#8221;. A tampa \u00e9 redonda, abaulada e remov\u00edvel, com dois tons de madeira, seguindo o mesmo padr\u00e3o por toda sua extens\u00e3o. Possui puxador afunilado. Na parte interna da tampa, h\u00e1 acabamento em formato de anel com depress\u00e3o no centro. Possui uma etiqueta com a inscri\u00e7\u00e3o &#8220;Curiosidades brasileiras&#8221; e a etiqueta com s inscri\u00e7\u00e3o &#8220;OB-62&#8221;. A colher \u00e9 funda, de corpo torneado e extremidade pontuda.<\/p>\n","protected":false},"featured_media":10490,"parent":0,"menu_order":0,"comment_status":"closed","ping_status":"closed","template":"","format":"standard","_links":{"self":[{"href":"https:\/\/museuflorestal.ambiente.sp.gov.br\/acervo\/wp-json\/wp\/v2\/tnc_col_329_item\/10488"}],"collection":[{"href":"https:\/\/museuflorestal.ambiente.sp.gov.br\/acervo\/wp-json\/wp\/v2\/tnc_col_329_item"}],"about":[{"href":"https:\/\/museuflorestal.ambiente.sp.gov.br\/acervo\/wp-json\/wp\/v2\/types\/tnc_col_329_item"}],"replies":[{"embeddable":true,"href":"https:\/\/museuflorestal.ambiente.sp.gov.br\/acervo\/wp-json\/wp\/v2\/comments?post=10488"}],"version-history":[{"count":0,"href":"https:\/\/museuflorestal.ambiente.sp.gov.br\/acervo\/wp-json\/wp\/v2\/tnc_col_329_item\/10488\/revisions"}],"wp:featuredmedia":[{"embeddable":true,"href":"https:\/\/museuflorestal.ambiente.sp.gov.br\/acervo\/wp-json\/wp\/v2\/media\/10490"}],"wp:attachment":[{"href":"https:\/\/museuflorestal.ambiente.sp.gov.br\/acervo\/wp-json\/wp\/v2\/media?parent=10488"}],"curies":[{"name":"wp","href":"https:\/\/api.w.org\/{rel}","templated":true}]}}

Açucareiro

<p>Pote com tampa e colher de madeira, na cor natural da madeira. O pote é redondo, de corpo abaulado, em dois tons de madeira seguindo o mesmo padrão por todo o objeto, e com corte na borda. Na parte posterior do pote há a inscrição à caneta azul &#8220;OB-62&#8221;. A tampa é redonda, abaulada e removível, com dois tons de madeira, seguindo o mesmo padrão por toda sua extensão. Possui puxador afunilado. Na parte interna da tampa, há acabamento em formato de anel com depressão no centro. Possui uma etiqueta com a inscrição &#8220;Curiosidades brasileiras&#8221; e a etiqueta com s inscrição &#8220;OB-62&#8221;. A colher é funda, de corpo torneado e extremidade pontuda.</p>
