{"id":10500,"date":"2021-11-30T20:59:54","date_gmt":"2021-11-30T22:59:54","guid":{"rendered":"https:\/\/museuflorestal.ambiente.sp.gov.br\/acervo\/?post_type=tnc_col_329_item&#038;p=10500"},"modified":"2021-11-30T20:59:56","modified_gmt":"2021-11-30T22:59:56","slug":"taca","status":"publish","type":"tnc_col_329_item","link":"https:\/\/museuflorestal.ambiente.sp.gov.br\/acervo\/museu-florestal-octavio-vecchi\/taca\/","title":{"rendered":"Ta\u00e7a"},"content":{"rendered":"<p>Ta\u00e7a de madeira, possui o bojo em dois tons naturais da madeira e acabamentos segmentados. Haste afunilada, com acabamento torneado no topo, terminando em uma base redonda. Na parte posterior da base h\u00e1 uma etiqueta com a inscri\u00e7\u00e3o &#8220;OB-48&#8221; e a inscri\u00e7\u00e3o \u00e0 caneta &#8220;OB-48&#8221;.<\/p>\n","protected":false},"featured_media":10502,"parent":0,"menu_order":0,"comment_status":"closed","ping_status":"closed","template":"","format":"standard","_links":{"self":[{"href":"https:\/\/museuflorestal.ambiente.sp.gov.br\/acervo\/wp-json\/wp\/v2\/tnc_col_329_item\/10500"}],"collection":[{"href":"https:\/\/museuflorestal.ambiente.sp.gov.br\/acervo\/wp-json\/wp\/v2\/tnc_col_329_item"}],"about":[{"href":"https:\/\/museuflorestal.ambiente.sp.gov.br\/acervo\/wp-json\/wp\/v2\/types\/tnc_col_329_item"}],"replies":[{"embeddable":true,"href":"https:\/\/museuflorestal.ambiente.sp.gov.br\/acervo\/wp-json\/wp\/v2\/comments?post=10500"}],"version-history":[{"count":0,"href":"https:\/\/museuflorestal.ambiente.sp.gov.br\/acervo\/wp-json\/wp\/v2\/tnc_col_329_item\/10500\/revisions"}],"wp:featuredmedia":[{"embeddable":true,"href":"https:\/\/museuflorestal.ambiente.sp.gov.br\/acervo\/wp-json\/wp\/v2\/media\/10502"}],"wp:attachment":[{"href":"https:\/\/museuflorestal.ambiente.sp.gov.br\/acervo\/wp-json\/wp\/v2\/media?parent=10500"}],"curies":[{"name":"wp","href":"https:\/\/api.w.org\/{rel}","templated":true}]}}

Taça

<p>Taça de madeira, possui o bojo em dois tons naturais da madeira e acabamentos segmentados. Haste afunilada, com acabamento torneado no topo, terminando em uma base redonda. Na parte posterior da base há uma etiqueta com a inscrição &#8220;OB-48&#8221; e a inscrição à caneta &#8220;OB-48&#8221;.</p>
