{"id":10508,"date":"2021-11-30T21:00:08","date_gmt":"2021-11-30T23:00:08","guid":{"rendered":"https:\/\/museuflorestal.ambiente.sp.gov.br\/acervo\/?post_type=tnc_col_329_item&#038;p=10508"},"modified":"2021-11-30T21:00:10","modified_gmt":"2021-11-30T23:00:10","slug":"taca-listrada","status":"publish","type":"tnc_col_329_item","link":"https:\/\/museuflorestal.ambiente.sp.gov.br\/acervo\/museu-florestal-octavio-vecchi\/taca-listrada\/","title":{"rendered":"Ta\u00e7a listrada"},"content":{"rendered":"<p>Ta\u00e7a de madeira em marchetaria. Possui o bojo em dois tons naturais da madeira, repetindo um padr\u00e3o listrado por toda sua extens\u00e3o. Possui acabamento segmentado na borda. A haste se expande no meio em formato circular e afunila novamente at\u00e9 a base. A base \u00e9 circular, com acabamentos segmentados. Na parte superior da base h\u00e1 uma etiqueta com a inscri\u00e7\u00e3o &#8221; OB-72&#8243;, e na parte posterior da ta\u00e7a, h\u00e1 tecido colado com a inscri\u00e7\u00e3o &#8220;OB-72&#8221; \u00e0 caneta.<\/p>\n","protected":false},"featured_media":10509,"parent":0,"menu_order":0,"comment_status":"closed","ping_status":"closed","template":"","format":"standard","_links":{"self":[{"href":"https:\/\/museuflorestal.ambiente.sp.gov.br\/acervo\/wp-json\/wp\/v2\/tnc_col_329_item\/10508"}],"collection":[{"href":"https:\/\/museuflorestal.ambiente.sp.gov.br\/acervo\/wp-json\/wp\/v2\/tnc_col_329_item"}],"about":[{"href":"https:\/\/museuflorestal.ambiente.sp.gov.br\/acervo\/wp-json\/wp\/v2\/types\/tnc_col_329_item"}],"replies":[{"embeddable":true,"href":"https:\/\/museuflorestal.ambiente.sp.gov.br\/acervo\/wp-json\/wp\/v2\/comments?post=10508"}],"version-history":[{"count":0,"href":"https:\/\/museuflorestal.ambiente.sp.gov.br\/acervo\/wp-json\/wp\/v2\/tnc_col_329_item\/10508\/revisions"}],"wp:featuredmedia":[{"embeddable":true,"href":"https:\/\/museuflorestal.ambiente.sp.gov.br\/acervo\/wp-json\/wp\/v2\/media\/10509"}],"wp:attachment":[{"href":"https:\/\/museuflorestal.ambiente.sp.gov.br\/acervo\/wp-json\/wp\/v2\/media?parent=10508"}],"curies":[{"name":"wp","href":"https:\/\/api.w.org\/{rel}","templated":true}]}}

Taça listrada

<p>Taça de madeira em marchetaria. Possui o bojo em dois tons naturais da madeira, repetindo um padrão listrado por toda sua extensão. Possui acabamento segmentado na borda. A haste se expande no meio em formato circular e afunila novamente até a base. A base é circular, com acabamentos segmentados. Na parte superior da base há uma etiqueta com a inscrição &#8221; OB-72&#8243;, e na parte posterior da taça, há tecido colado com a inscrição &#8220;OB-72&#8221; à caneta.</p>
