{"id":10606,"date":"2021-11-30T21:02:47","date_gmt":"2021-11-30T23:02:47","guid":{"rendered":"https:\/\/museuflorestal.ambiente.sp.gov.br\/acervo\/?post_type=tnc_col_329_item&#038;p=10606"},"modified":"2021-11-30T21:02:50","modified_gmt":"2021-11-30T23:02:50","slug":"escultura-de-um-peru","status":"publish","type":"tnc_col_329_item","link":"https:\/\/museuflorestal.ambiente.sp.gov.br\/acervo\/museu-florestal-octavio-vecchi\/escultura-de-um-peru\/","title":{"rendered":"Escultura de um peru"},"content":{"rendered":"<p>Escultura em madeira com uma base oval, representando um peru, com o bico apoiado no corpo, asas abertas e rabo erguido. Atr\u00e1s dele h\u00e1 uma tina, feita de pranchas unidas por dois peda\u00e7os de corda e apoiada em dois troncos cruzados. Ao lado esquerdo do peru, h\u00e1 um jarro abaulado com al\u00e7a alongada. Na parte inferior da base, h\u00e1 tecido colado.<\/p>\n","protected":false},"featured_media":10607,"parent":0,"menu_order":0,"comment_status":"closed","ping_status":"closed","template":"","format":"standard","_links":{"self":[{"href":"https:\/\/museuflorestal.ambiente.sp.gov.br\/acervo\/wp-json\/wp\/v2\/tnc_col_329_item\/10606"}],"collection":[{"href":"https:\/\/museuflorestal.ambiente.sp.gov.br\/acervo\/wp-json\/wp\/v2\/tnc_col_329_item"}],"about":[{"href":"https:\/\/museuflorestal.ambiente.sp.gov.br\/acervo\/wp-json\/wp\/v2\/types\/tnc_col_329_item"}],"replies":[{"embeddable":true,"href":"https:\/\/museuflorestal.ambiente.sp.gov.br\/acervo\/wp-json\/wp\/v2\/comments?post=10606"}],"version-history":[{"count":0,"href":"https:\/\/museuflorestal.ambiente.sp.gov.br\/acervo\/wp-json\/wp\/v2\/tnc_col_329_item\/10606\/revisions"}],"wp:featuredmedia":[{"embeddable":true,"href":"https:\/\/museuflorestal.ambiente.sp.gov.br\/acervo\/wp-json\/wp\/v2\/media\/10607"}],"wp:attachment":[{"href":"https:\/\/museuflorestal.ambiente.sp.gov.br\/acervo\/wp-json\/wp\/v2\/media?parent=10606"}],"curies":[{"name":"wp","href":"https:\/\/api.w.org\/{rel}","templated":true}]}}

<p>Escultura em madeira com uma base oval, representando um peru, com o bico apoiado no corpo, asas abertas e rabo erguido. Atrás dele há uma tina, feita de pranchas unidas por dois pedaços de corda e apoiada em dois troncos cruzados. Ao lado esquerdo do peru, há um jarro abaulado com alça alongada. Na parte inferior da base, há tecido colado.</p>
