{"id":10686,"date":"2021-11-30T21:05:00","date_gmt":"2021-11-30T23:05:00","guid":{"rendered":"https:\/\/museuflorestal.ambiente.sp.gov.br\/acervo\/?post_type=tnc_col_329_item&#038;p=10686"},"modified":"2021-11-30T21:05:03","modified_gmt":"2021-11-30T23:05:03","slug":"carretel","status":"publish","type":"tnc_col_329_item","link":"https:\/\/museuflorestal.ambiente.sp.gov.br\/acervo\/museu-florestal-octavio-vecchi\/carretel\/","title":{"rendered":"Carretel"},"content":{"rendered":"<p>Carretel de madeira, com cor natural da madeira. Possui corpo cil\u00edndrico com as extremidades redondas e mais largas, com furos no topo. Na parte superior de uma das extremidades h\u00e1 uma etiqueta com a inscri\u00e7\u00e3o &#8220;OB-138&#8221;. Madeira de pinus. Dentro do objeto foi encontrado um papel branco retangular com a inscri\u00e7\u00e3o \u00e0 caneta preta &#8220;Carretel de gumbijava&#8221;.<\/p>\n","protected":false},"featured_media":10688,"parent":0,"menu_order":0,"comment_status":"closed","ping_status":"closed","template":"","format":"standard","_links":{"self":[{"href":"https:\/\/museuflorestal.ambiente.sp.gov.br\/acervo\/wp-json\/wp\/v2\/tnc_col_329_item\/10686"}],"collection":[{"href":"https:\/\/museuflorestal.ambiente.sp.gov.br\/acervo\/wp-json\/wp\/v2\/tnc_col_329_item"}],"about":[{"href":"https:\/\/museuflorestal.ambiente.sp.gov.br\/acervo\/wp-json\/wp\/v2\/types\/tnc_col_329_item"}],"replies":[{"embeddable":true,"href":"https:\/\/museuflorestal.ambiente.sp.gov.br\/acervo\/wp-json\/wp\/v2\/comments?post=10686"}],"version-history":[{"count":0,"href":"https:\/\/museuflorestal.ambiente.sp.gov.br\/acervo\/wp-json\/wp\/v2\/tnc_col_329_item\/10686\/revisions"}],"wp:featuredmedia":[{"embeddable":true,"href":"https:\/\/museuflorestal.ambiente.sp.gov.br\/acervo\/wp-json\/wp\/v2\/media\/10688"}],"wp:attachment":[{"href":"https:\/\/museuflorestal.ambiente.sp.gov.br\/acervo\/wp-json\/wp\/v2\/media?parent=10686"}],"curies":[{"name":"wp","href":"https:\/\/api.w.org\/{rel}","templated":true}]}}

<p>Carretel de madeira, com cor natural da madeira. Possui corpo cilíndrico com as extremidades redondas e mais largas, com furos no topo. Na parte superior de uma das extremidades há uma etiqueta com a inscrição &#8220;OB-138&#8221;. Madeira de pinus. Dentro do objeto foi encontrado um papel branco retangular com a inscrição à caneta preta &#8220;Carretel de gumbijava&#8221;.</p>
