{"id":10701,"date":"2021-11-30T21:05:27","date_gmt":"2021-11-30T23:05:27","guid":{"rendered":"https:\/\/museuflorestal.ambiente.sp.gov.br\/acervo\/?post_type=tnc_col_329_item&#038;p=10701"},"modified":"2021-11-30T21:05:30","modified_gmt":"2021-11-30T23:05:30","slug":"carretel-4","status":"publish","type":"tnc_col_329_item","link":"https:\/\/museuflorestal.ambiente.sp.gov.br\/acervo\/museu-florestal-octavio-vecchi\/carretel-4\/","title":{"rendered":"Carretel"},"content":{"rendered":"<p>Carretel de madeira, na cor natural da madeira. Possui corpo cil\u00edndrico e as extremidades redondas e achatadas. Uma das extremidades \u00e9 mais arredondada e a outra, segmentada, ambas com furo no centro. Na parte superior da primeira extremidade h\u00e1 uma etiqueta com a inscri\u00e7\u00e3o &#8220;OB-140&#8221;.<\/p>\n","protected":false},"featured_media":10702,"parent":0,"menu_order":0,"comment_status":"closed","ping_status":"closed","template":"","format":"standard","_links":{"self":[{"href":"https:\/\/museuflorestal.ambiente.sp.gov.br\/acervo\/wp-json\/wp\/v2\/tnc_col_329_item\/10701"}],"collection":[{"href":"https:\/\/museuflorestal.ambiente.sp.gov.br\/acervo\/wp-json\/wp\/v2\/tnc_col_329_item"}],"about":[{"href":"https:\/\/museuflorestal.ambiente.sp.gov.br\/acervo\/wp-json\/wp\/v2\/types\/tnc_col_329_item"}],"replies":[{"embeddable":true,"href":"https:\/\/museuflorestal.ambiente.sp.gov.br\/acervo\/wp-json\/wp\/v2\/comments?post=10701"}],"version-history":[{"count":0,"href":"https:\/\/museuflorestal.ambiente.sp.gov.br\/acervo\/wp-json\/wp\/v2\/tnc_col_329_item\/10701\/revisions"}],"wp:featuredmedia":[{"embeddable":true,"href":"https:\/\/museuflorestal.ambiente.sp.gov.br\/acervo\/wp-json\/wp\/v2\/media\/10702"}],"wp:attachment":[{"href":"https:\/\/museuflorestal.ambiente.sp.gov.br\/acervo\/wp-json\/wp\/v2\/media?parent=10701"}],"curies":[{"name":"wp","href":"https:\/\/api.w.org\/{rel}","templated":true}]}}

<p>Carretel de madeira, na cor natural da madeira. Possui corpo cilíndrico e as extremidades redondas e achatadas. Uma das extremidades é mais arredondada e a outra, segmentada, ambas com furo no centro. Na parte superior da primeira extremidade há uma etiqueta com a inscrição &#8220;OB-140&#8221;.</p>
