{"id":10720,"date":"2021-11-30T21:06:01","date_gmt":"2021-11-30T23:06:01","guid":{"rendered":"https:\/\/museuflorestal.ambiente.sp.gov.br\/acervo\/?post_type=tnc_col_329_item&#038;p=10720"},"modified":"2021-11-30T21:06:03","modified_gmt":"2021-11-30T23:06:03","slug":"mostruario-de-canelas-do-patio-do-colegio","status":"publish","type":"tnc_col_329_item","link":"https:\/\/museuflorestal.ambiente.sp.gov.br\/acervo\/museu-florestal-octavio-vecchi\/mostruario-de-canelas-do-patio-do-colegio\/","title":{"rendered":"Mostru\u00e1rio de canelas do P\u00e1tio do Col\u00e9gio"},"content":{"rendered":"<p>Mostru\u00e1rio retangular de madeira, na cor natural da madeira. No interior h\u00e1 nove amostras retangulares de madeira, com uma face natural e outra trabalhada. Na face trabalhada, cada amostra possui uma etiqueta amarela colada na parte inferior do objeto. Nas etiquetas se l\u00ea, da esquerda para \u00e0 direta, respectivamente: &#8220;Canela amarela (serrada a m\u00e3o)&#8221;, &#8220;Canela amarela (macho feito \u00e0 m\u00e1quina)&#8221;, &#8220;Canela parda&#8221;, &#8220;Canela parda (com macho reaparelhado)&#8221;, &#8220;Canela parda&#8221;, &#8220;Canela parda&#8221;, &#8220;Canela preta&#8221;, &#8220;Canela preta&#8221;, &#8220;Canela preta (serrada \u00e0 m\u00e3o)&#8221;. Na parte inferior do objeto h\u00e1 tiras de tecido coladas.<\/p>\n","protected":false},"featured_media":10721,"parent":0,"menu_order":0,"comment_status":"closed","ping_status":"closed","template":"","format":"standard","_links":{"self":[{"href":"https:\/\/museuflorestal.ambiente.sp.gov.br\/acervo\/wp-json\/wp\/v2\/tnc_col_329_item\/10720"}],"collection":[{"href":"https:\/\/museuflorestal.ambiente.sp.gov.br\/acervo\/wp-json\/wp\/v2\/tnc_col_329_item"}],"about":[{"href":"https:\/\/museuflorestal.ambiente.sp.gov.br\/acervo\/wp-json\/wp\/v2\/types\/tnc_col_329_item"}],"replies":[{"embeddable":true,"href":"https:\/\/museuflorestal.ambiente.sp.gov.br\/acervo\/wp-json\/wp\/v2\/comments?post=10720"}],"version-history":[{"count":0,"href":"https:\/\/museuflorestal.ambiente.sp.gov.br\/acervo\/wp-json\/wp\/v2\/tnc_col_329_item\/10720\/revisions"}],"wp:featuredmedia":[{"embeddable":true,"href":"https:\/\/museuflorestal.ambiente.sp.gov.br\/acervo\/wp-json\/wp\/v2\/media\/10721"}],"wp:attachment":[{"href":"https:\/\/museuflorestal.ambiente.sp.gov.br\/acervo\/wp-json\/wp\/v2\/media?parent=10720"}],"curies":[{"name":"wp","href":"https:\/\/api.w.org\/{rel}","templated":true}]}}

Mostruário de canelas do Pátio do Colégio

<p>Mostruário retangular de madeira, na cor natural da madeira. No interior há nove amostras retangulares de madeira, com uma face natural e outra trabalhada. Na face trabalhada, cada amostra possui uma etiqueta amarela colada na parte inferior do objeto. Nas etiquetas se lê, da esquerda para à direta, respectivamente: &#8220;Canela amarela (serrada a mão)&#8221;, &#8220;Canela amarela (macho feito à máquina)&#8221;, &#8220;Canela parda&#8221;, &#8220;Canela parda (com macho reaparelhado)&#8221;, &#8220;Canela parda&#8221;, &#8220;Canela parda&#8221;, &#8220;Canela preta&#8221;, &#8220;Canela preta&#8221;, &#8220;Canela preta (serrada à mão)&#8221;. Na parte inferior do objeto há tiras de tecido coladas.</p>
