{"id":10730,"date":"2021-11-30T21:06:20","date_gmt":"2021-11-30T23:06:20","guid":{"rendered":"https:\/\/museuflorestal.ambiente.sp.gov.br\/acervo\/?post_type=tnc_col_329_item&#038;p=10730"},"modified":"2021-11-30T21:06:23","modified_gmt":"2021-11-30T23:06:23","slug":"risque-e-rabisque-sf","status":"publish","type":"tnc_col_329_item","link":"https:\/\/museuflorestal.ambiente.sp.gov.br\/acervo\/museu-florestal-octavio-vecchi\/risque-e-rabisque-sf\/","title":{"rendered":"Risque e rabisque, SF"},"content":{"rendered":"<p>Risque e Rabisque composto por duas placas de madeira em marchetaria, unidas por uma tira de couro. As placas possuem diversos tons naturais de madeira. Na placa frontal, o fundo \u00e9 rajado e os cantos com motivos arabescos. No centro, h\u00e1 a inscri\u00e7\u00e3o &#8220;SF&#8221; intercalados por uma \u00e1rvore. A placa posterior \u00e9 de fundo rajado. O interior possui cor rajada no centro, cor \u00fanica de madeira ao redor, e uma etiqueta branca com inscri\u00e7\u00e3o ileg\u00edvel. Possui a legenda &#8220;Risque e rabisque. Nome popular: Louveira, Carne-de-vaca, Grevilea robusta, Catucaim, Cip\u00f3-flor\u00e3o. T\u00e9cnica: Marchetaria. Werner e Alberto Merte&#8221;.<\/p>\n","protected":false},"featured_media":10732,"parent":0,"menu_order":0,"comment_status":"closed","ping_status":"closed","template":"","format":"standard","_links":{"self":[{"href":"https:\/\/museuflorestal.ambiente.sp.gov.br\/acervo\/wp-json\/wp\/v2\/tnc_col_329_item\/10730"}],"collection":[{"href":"https:\/\/museuflorestal.ambiente.sp.gov.br\/acervo\/wp-json\/wp\/v2\/tnc_col_329_item"}],"about":[{"href":"https:\/\/museuflorestal.ambiente.sp.gov.br\/acervo\/wp-json\/wp\/v2\/types\/tnc_col_329_item"}],"replies":[{"embeddable":true,"href":"https:\/\/museuflorestal.ambiente.sp.gov.br\/acervo\/wp-json\/wp\/v2\/comments?post=10730"}],"version-history":[{"count":0,"href":"https:\/\/museuflorestal.ambiente.sp.gov.br\/acervo\/wp-json\/wp\/v2\/tnc_col_329_item\/10730\/revisions"}],"wp:featuredmedia":[{"embeddable":true,"href":"https:\/\/museuflorestal.ambiente.sp.gov.br\/acervo\/wp-json\/wp\/v2\/media\/10732"}],"wp:attachment":[{"href":"https:\/\/museuflorestal.ambiente.sp.gov.br\/acervo\/wp-json\/wp\/v2\/media?parent=10730"}],"curies":[{"name":"wp","href":"https:\/\/api.w.org\/{rel}","templated":true}]}}

<p>Risque e Rabisque composto por duas placas de madeira em marchetaria, unidas por uma tira de couro. As placas possuem diversos tons naturais de madeira. Na placa frontal, o fundo é rajado e os cantos com motivos arabescos. No centro, há a inscrição &#8220;SF&#8221; intercalados por uma árvore. A placa posterior é de fundo rajado. O interior possui cor rajada no centro, cor única de madeira ao redor, e uma etiqueta branca com inscrição ilegível. Possui a legenda &#8220;Risque e rabisque. Nome popular: Louveira, Carne-de-vaca, Grevilea robusta, Catucaim, Cipó-florão. Técnica: Marchetaria. Werner e Alberto Merte&#8221;.</p>
