{"id":10740,"date":"2021-11-30T21:06:36","date_gmt":"2021-11-30T23:06:36","guid":{"rendered":"https:\/\/museuflorestal.ambiente.sp.gov.br\/acervo\/?post_type=tnc_col_329_item&#038;p=10740"},"modified":"2021-11-30T21:06:38","modified_gmt":"2021-11-30T23:06:38","slug":"lixeira","status":"publish","type":"tnc_col_329_item","link":"https:\/\/museuflorestal.ambiente.sp.gov.br\/acervo\/museu-florestal-octavio-vecchi\/lixeira\/","title":{"rendered":"Lixeira"},"content":{"rendered":"<p>Lixeira de madeira com decora\u00e7\u00e3o em marchetaria. Possui diversos tons naturais de madeira. Tem a base quadrada e as laterais retangulares com a partes superiores em formato de arco. Em cada face h\u00e1 o desenho, em marchetaria, de uma estrela de oito pontas inserida em uma forma octogonal terminada em um quadril\u00e1tero com a ponta virada para baixo. Na parte inferior h\u00e1 quatro p\u00e9s com tecido colado, inscri\u00e7\u00e3o em baixo relevo &#8220;M647&#8221; e inscri\u00e7\u00e3o \u00e0 caneta &#8220;OB-21&#8221;. As madeiras utilizadas em sua fabrica\u00e7\u00e3o foram eucalipto, canjerana, pau-marfim, cavi\u00fana, candeia, guaiuvira e jacarand\u00e1-paulista.<\/p>\n","protected":false},"featured_media":10742,"parent":0,"menu_order":0,"comment_status":"closed","ping_status":"closed","template":"","format":"standard","_links":{"self":[{"href":"https:\/\/museuflorestal.ambiente.sp.gov.br\/acervo\/wp-json\/wp\/v2\/tnc_col_329_item\/10740"}],"collection":[{"href":"https:\/\/museuflorestal.ambiente.sp.gov.br\/acervo\/wp-json\/wp\/v2\/tnc_col_329_item"}],"about":[{"href":"https:\/\/museuflorestal.ambiente.sp.gov.br\/acervo\/wp-json\/wp\/v2\/types\/tnc_col_329_item"}],"replies":[{"embeddable":true,"href":"https:\/\/museuflorestal.ambiente.sp.gov.br\/acervo\/wp-json\/wp\/v2\/comments?post=10740"}],"version-history":[{"count":0,"href":"https:\/\/museuflorestal.ambiente.sp.gov.br\/acervo\/wp-json\/wp\/v2\/tnc_col_329_item\/10740\/revisions"}],"wp:featuredmedia":[{"embeddable":true,"href":"https:\/\/museuflorestal.ambiente.sp.gov.br\/acervo\/wp-json\/wp\/v2\/media\/10742"}],"wp:attachment":[{"href":"https:\/\/museuflorestal.ambiente.sp.gov.br\/acervo\/wp-json\/wp\/v2\/media?parent=10740"}],"curies":[{"name":"wp","href":"https:\/\/api.w.org\/{rel}","templated":true}]}}

<p>Lixeira de madeira com decoração em marchetaria. Possui diversos tons naturais de madeira. Tem a base quadrada e as laterais retangulares com a partes superiores em formato de arco. Em cada face há o desenho, em marchetaria, de uma estrela de oito pontas inserida em uma forma octogonal terminada em um quadrilátero com a ponta virada para baixo. Na parte inferior há quatro pés com tecido colado, inscrição em baixo relevo &#8220;M647&#8221; e inscrição à caneta &#8220;OB-21&#8221;. As madeiras utilizadas em sua fabricação foram eucalipto, canjerana, pau-marfim, caviúna, candeia, guaiuvira e jacarandá-paulista.</p>
