{"id":10749,"date":"2021-11-30T21:06:49","date_gmt":"2021-11-30T23:06:49","guid":{"rendered":"https:\/\/museuflorestal.ambiente.sp.gov.br\/acervo\/?post_type=tnc_col_329_item&#038;p=10749"},"modified":"2021-11-30T21:06:51","modified_gmt":"2021-11-30T23:06:51","slug":"lixeira-sf","status":"publish","type":"tnc_col_329_item","link":"https:\/\/museuflorestal.ambiente.sp.gov.br\/acervo\/museu-florestal-octavio-vecchi\/lixeira-sf\/","title":{"rendered":"Lixeira, SF"},"content":{"rendered":"<p>Lixeira de madeira com decora\u00e7\u00e3o em marchetaria. Possui diversos tons naturais de madeira. Tem a base quadrada e as laterais retangulares com as partes superiores em formato de arco. Em cada face h\u00e1 o desenho, em marchetaria, das letras &#8220;SF&#8221; intercaladas por uma \u00e1rvore e envoltas por um arco fechado. Abaixo h\u00e1 um padr\u00e3o rajado triangular. Na parte inferior h\u00e1 a inscri\u00e7\u00e3o \u00e0 caneta &#8220;OB-20&#8221; e a inscri\u00e7\u00e3o a l\u00e1pis &#8220;Lixeira 1&#8221;. As madeiras utilizadas em sua fabrica\u00e7\u00e3o foram carvalho brasileiro &#8211; euplassa catareirae sp, jacarand\u00e1-paulista, pau-marfim, sucupira-parda, canjerana, grev\u00edlea e cip\u00f3-flor\u00e3o<\/p>\n","protected":false},"featured_media":10750,"parent":0,"menu_order":0,"comment_status":"closed","ping_status":"closed","template":"","format":"standard","_links":{"self":[{"href":"https:\/\/museuflorestal.ambiente.sp.gov.br\/acervo\/wp-json\/wp\/v2\/tnc_col_329_item\/10749"}],"collection":[{"href":"https:\/\/museuflorestal.ambiente.sp.gov.br\/acervo\/wp-json\/wp\/v2\/tnc_col_329_item"}],"about":[{"href":"https:\/\/museuflorestal.ambiente.sp.gov.br\/acervo\/wp-json\/wp\/v2\/types\/tnc_col_329_item"}],"replies":[{"embeddable":true,"href":"https:\/\/museuflorestal.ambiente.sp.gov.br\/acervo\/wp-json\/wp\/v2\/comments?post=10749"}],"version-history":[{"count":0,"href":"https:\/\/museuflorestal.ambiente.sp.gov.br\/acervo\/wp-json\/wp\/v2\/tnc_col_329_item\/10749\/revisions"}],"wp:featuredmedia":[{"embeddable":true,"href":"https:\/\/museuflorestal.ambiente.sp.gov.br\/acervo\/wp-json\/wp\/v2\/media\/10750"}],"wp:attachment":[{"href":"https:\/\/museuflorestal.ambiente.sp.gov.br\/acervo\/wp-json\/wp\/v2\/media?parent=10749"}],"curies":[{"name":"wp","href":"https:\/\/api.w.org\/{rel}","templated":true}]}}

<p>Lixeira de madeira com decoração em marchetaria. Possui diversos tons naturais de madeira. Tem a base quadrada e as laterais retangulares com as partes superiores em formato de arco. Em cada face há o desenho, em marchetaria, das letras &#8220;SF&#8221; intercaladas por uma árvore e envoltas por um arco fechado. Abaixo há um padrão rajado triangular. Na parte inferior há a inscrição à caneta &#8220;OB-20&#8221; e a inscrição a lápis &#8220;Lixeira 1&#8221;. As madeiras utilizadas em sua fabricação foram carvalho brasileiro &#8211; euplassa catareirae sp, jacarandá-paulista, pau-marfim, sucupira-parda, canjerana, grevílea e cipó-florão</p>
