{"id":10764,"date":"2021-11-30T21:07:12","date_gmt":"2021-11-30T23:07:12","guid":{"rendered":"https:\/\/museuflorestal.ambiente.sp.gov.br\/acervo\/?post_type=tnc_col_329_item&#038;p=10764"},"modified":"2021-11-30T21:07:15","modified_gmt":"2021-11-30T23:07:15","slug":"miniatura-de-bisel-de-pau-brasil","status":"publish","type":"tnc_col_329_item","link":"https:\/\/museuflorestal.ambiente.sp.gov.br\/acervo\/museu-florestal-octavio-vecchi\/miniatura-de-bisel-de-pau-brasil\/","title":{"rendered":"Miniatura de bisel de pau-brasil"},"content":{"rendered":"<p>Miniatura de tr\u00eas troncos de madeira, sobre uma base retangular com dois p\u00e9s. Ao centro, tronco com corte em bisel, com cortes envernizados e casca. Nas duas extremidades h\u00e1 um tronco em cada lado, com corte horizontal e envernizado, estando sobre uma base quadrada. Na parte inferior da base h\u00e1 a inscri\u00e7\u00e3o \u00e0 caneta &#8220;Pau brasil 1956&#8221;, uma etiqueta com a inscri\u00e7\u00e3o &#8220;OB-27&#8221; e uma tira de tecido colada nos p\u00e9s.<\/p>\n","protected":false},"featured_media":10765,"parent":0,"menu_order":0,"comment_status":"closed","ping_status":"closed","template":"","format":"standard","_links":{"self":[{"href":"https:\/\/museuflorestal.ambiente.sp.gov.br\/acervo\/wp-json\/wp\/v2\/tnc_col_329_item\/10764"}],"collection":[{"href":"https:\/\/museuflorestal.ambiente.sp.gov.br\/acervo\/wp-json\/wp\/v2\/tnc_col_329_item"}],"about":[{"href":"https:\/\/museuflorestal.ambiente.sp.gov.br\/acervo\/wp-json\/wp\/v2\/types\/tnc_col_329_item"}],"replies":[{"embeddable":true,"href":"https:\/\/museuflorestal.ambiente.sp.gov.br\/acervo\/wp-json\/wp\/v2\/comments?post=10764"}],"version-history":[{"count":0,"href":"https:\/\/museuflorestal.ambiente.sp.gov.br\/acervo\/wp-json\/wp\/v2\/tnc_col_329_item\/10764\/revisions"}],"wp:featuredmedia":[{"embeddable":true,"href":"https:\/\/museuflorestal.ambiente.sp.gov.br\/acervo\/wp-json\/wp\/v2\/media\/10765"}],"wp:attachment":[{"href":"https:\/\/museuflorestal.ambiente.sp.gov.br\/acervo\/wp-json\/wp\/v2\/media?parent=10764"}],"curies":[{"name":"wp","href":"https:\/\/api.w.org\/{rel}","templated":true}]}}

<p>Miniatura de três troncos de madeira, sobre uma base retangular com dois pés. Ao centro, tronco com corte em bisel, com cortes envernizados e casca. Nas duas extremidades há um tronco em cada lado, com corte horizontal e envernizado, estando sobre uma base quadrada. Na parte inferior da base há a inscrição à caneta &#8220;Pau brasil 1956&#8221;, uma etiqueta com a inscrição &#8220;OB-27&#8221; e uma tira de tecido colada nos pés.</p>
